{"id":88,"date":"2020-11-29T11:34:55","date_gmt":"2020-11-29T11:34:55","guid":{"rendered":"http:\/\/wp5.louhi.net\/~nnterrie\/?page_id=88"},"modified":"2023-10-12T15:16:19","modified_gmt":"2023-10-12T15:16:19","slug":"ulkomuototuomarikoulutus","status":"publish","type":"page","link":"https:\/\/www.nnterrierit.fi\/?page_id=88","title":{"rendered":"Ulkomuototuomarikoulutus"},"content":{"rendered":"<p>[et_pb_section fb_built=&#8221;1&#8243; fullwidth=&#8221;on&#8221; _builder_version=&#8221;4.16&#8243; _module_preset=&#8221;default&#8221; background_image=&#8221;http:\/\/wp5.louhi.net\/~nnterrie\/wp-content\/uploads\/2021\/03\/IMG_0107-\u2013-kopio-scaled.jpg&#8221; background_size=&#8221;initial&#8221; global_colors_info=&#8221;{}&#8221;][et_pb_fullwidth_header _builder_version=&#8221;4.16&#8243; _module_preset=&#8221;default&#8221; title_font=&#8221;Staatliches||||||||&#8221; title_font_size=&#8221;41px&#8221; background_color=&#8221;#8a8a8a&#8221; background_image=&#8221;http:\/\/wp5.louhi.net\/~nnterrie\/wp-content\/uploads\/2021\/03\/IMG_0107-\u2013-kopio-2-scaled.jpeg&#8221; background_position=&#8221;bottom_center&#8221; height=&#8221;369px&#8221; custom_margin=&#8221;0px||||false|false&#8221; custom_padding=&#8221;205px||0px||false|false&#8221; global_colors_info=&#8221;{}&#8221;][\/et_pb_fullwidth_header][\/et_pb_section][et_pb_section fb_built=&#8221;1&#8243; _builder_version=&#8221;4.16&#8243; _module_preset=&#8221;default&#8221; global_colors_info=&#8221;{}&#8221;][et_pb_row column_structure=&#8221;1_2,1_2&#8243; _builder_version=&#8221;4.16&#8243; _module_preset=&#8221;default&#8221; global_colors_info=&#8221;{}&#8221;][et_pb_column type=&#8221;1_2&#8243; _builder_version=&#8221;4.16&#8243; _module_preset=&#8221;default&#8221; global_colors_info=&#8221;{}&#8221;][et_pb_text _builder_version=&#8221;4.16&#8243; _module_preset=&#8221;default&#8221; header_font=&#8221;Staatliches||||||||&#8221; global_colors_info=&#8221;{}&#8221;]<\/p>\n<h1 style=\"text-align: center;\">N\u00e4ytt\u00f6, arvostelu- ja erikoiskoulutukset 2022-2024<\/h1>\n<p>[\/et_pb_text][et_pb_text _builder_version=&#8221;4.16&#8243; _module_preset=&#8221;default&#8221; text_font_size=&#8221;16px&#8221; header_2_font=&#8221;Staatliches||||||||&#8221; global_colors_info=&#8221;{}&#8221;]<\/p>\n<h2>Ilmoittautuminen<\/h2>\n<p>Ilmoittautuminen kaikkiin n\u00e4ytt\u00f6- ja arvostelukokeisiin v\u00e4hint\u00e4\u00e4n kuukautta ennen tilaisuutta s\u00e4hk\u00f6postitse Marja Salmiselle osoitteeseen <strong><a href=\"mailto:porrigito@gmail.com\">porrigito@gmail.com<\/a>\u00a0(puh. 050 5985220)<\/strong><\/p>\n<p><strong><em>Varattu ja peruuttamaton ilmoittautuminen kokeeseen katsotaan hyl\u00e4tyksi suoritukseksi.<\/em><\/strong><\/p>\n<p>&nbsp;<\/p>\n<p>[\/et_pb_text][et_pb_text _builder_version=&#8221;4.16&#8243; _module_preset=&#8221;default&#8221; header_font=&#8221;Staatliches||||||||&#8221; header_3_font=&#8221;Staatliches||||||||&#8221; global_colors_info=&#8221;{}&#8221;]<\/p>\n<h1>2022<\/h1>\n<p><span><strong>* 26.10.2022 &#8211; keskiviikko alkaen kello 17:00.<\/strong><br \/> Norfolkin-ja norwichinterrierien erikoiskoulutus, arvostelukoe- ja n\u00e4ytt\u00f6tilaisuus.<\/span><\/p>\n<h1>2023<\/h1>\n<p><strong>* 12.4.2023 &#8211; alkaen kello 17:00.<\/strong><br \/> <span>Norfolkin-ja norwichinterrierien erikoiskoulutus<\/span><\/p>\n<p><span><strong>* 11.10.2023 &#8211; alkaen kello 17:00.<\/strong><br \/> Norfolkin-ja norwichinterrierien arvostelukoe- ja n\u00e4ytt\u00f6tilaisuus<\/span><\/p>\n<h1>2024<\/h1>\n<p><strong>* 10.4.2024 &#8211; alkaen kello 17:00.<\/strong><br \/> <span>Norfolkin-ja norwichinterrierien erikoiskoulutus<\/span><\/p>\n<p><span><strong>* 16.10.2024 &#8211; alkaen kello 17:00.<\/strong><br \/> Norfolkin-ja norwichinterrierien arvostelukoe- ja n\u00e4ytt\u00f6tilaisuus<\/span><\/p>\n<h3><span>Paikka:<\/span><\/h3>\n<p><strong>Kennelliiton koulutustila &#8211; osoite: Niittyrinne 2 A, 02270 Espoo<\/strong><br \/> <span>Arvostelukokeen vastaanottavat tuomarit Marja Salminen ja ilm. my\u00f6hemmin.<\/span><br \/> <span>Tiedustelut: porrigito@gmail.com<\/span><\/p>\n<p><em>Edellytyksen\u00e4 tilaisuuden j\u00e4rjest\u00e4miselle on, ett\u00e4 anomukset ja lausunnot suoritetuista harjoitteluista on toimitettu <u>kirjallisesti<\/u> Marja Salmiselle.<\/em><\/p>\n<p><span><\/span><\/p>\n<p>[\/et_pb_text][\/et_pb_column][et_pb_column type=&#8221;1_2&#8243; _builder_version=&#8221;4.16&#8243; _module_preset=&#8221;default&#8221; global_colors_info=&#8221;{}&#8221;][et_pb_text _builder_version=&#8221;4.16&#8243; _module_preset=&#8221;default&#8221; text_font_size=&#8221;18px&#8221; header_font=&#8221;Staatliches||||||||&#8221; header_font_size=&#8221;27px&#8221; background_color=&#8221;#d6d6d6&#8243; custom_padding=&#8221;7px|65px|7px|65px|true|true&#8221; border_radii=&#8221;on|10px|10px|10px|10px&#8221; global_colors_info=&#8221;{}&#8221; min_height=&#8221;382.6px&#8221;]<\/p>\n<h1 style=\"text-align: left;\"><strong>Tuomarikoulutustoimikunta 2022<\/strong><br \/><strong><\/strong><span><\/span><\/h1>\n<p style=\"text-align: left;\">Marja Salminen, puheenjohtaja<br \/>j\u00e4senet:<br \/>Johan Juslin<br \/>Arja Koskelo<br \/>Kirsi Nieminen<br \/>Anita Lehtonen, j\u00e4rjestelyvastaava<\/p>\n<p style=\"text-align: left;\"><strong>Koearvostelun vastaanottajat:<\/strong><br \/>Johan Juslin, Kirsi Nieminen ja Marja Salminen<\/p>\n<p style=\"text-align: left;\"><strong>N\u00e4yt\u00f6n voi antaa n\u00e4yttelyiss\u00e4 seuraaville tuomareille:<\/strong><br \/>Johan Juslin, Kari J\u00e4rvinen, Kirsi Nieminen ja Marja Salminen<\/p>\n<p>[\/et_pb_text][et_pb_image src=&#8221;http:\/\/wp5.louhi.net\/~nnterrie\/wp-content\/uploads\/2021\/03\/IMG_2073-scaled.jpg&#8221; title_text=&#8221;IMG_2073&#8243; _builder_version=&#8221;4.16&#8243; _module_preset=&#8221;default&#8221; global_colors_info=&#8221;{}&#8221;][\/et_pb_image][et_pb_image src=&#8221;http:\/\/wp5.louhi.net\/~nnterrie\/wp-content\/uploads\/2021\/03\/IMG_2094-scaled.jpg&#8221; title_text=&#8221;IMG_2094&#8243; _builder_version=&#8221;4.16&#8243; _module_preset=&#8221;default&#8221; global_colors_info=&#8221;{}&#8221;][\/et_pb_image][\/et_pb_column][\/et_pb_row][\/et_pb_section]<\/p>\n","protected":false},"excerpt":{"rendered":"<p>N\u00e4ytt\u00f6, arvostelu- ja erikoiskoulutukset 2022-2024Ilmoittautuminen Ilmoittautuminen kaikkiin n\u00e4ytt\u00f6- ja arvostelukokeisiin v\u00e4hint\u00e4\u00e4n kuukautta ennen tilaisuutta s\u00e4hk\u00f6postitse Marja Salmiselle osoitteeseen porrigito@gmail.com\u00a0(puh. 050 5985220) Varattu ja peruuttamaton ilmoittautuminen kokeeseen katsotaan hyl\u00e4tyksi suoritukseksi. &nbsp;2022 * 26.10.2022 &#8211; keskiviikko alkaen kello 17:00. Norfolkin-ja norwichinterrierien erikoiskoulutus, arvostelukoe- ja n\u00e4ytt\u00f6tilaisuus. 2023 * 12.4.2023 &#8211; alkaen kello 17:00. Norfolkin-ja norwichinterrierien erikoiskoulutus * 11.10.2023 [&hellip;]<\/p>\n","protected":false},"author":1,"featured_media":0,"parent":0,"menu_order":0,"comment_status":"closed","ping_status":"closed","template":"","meta":{"_et_pb_use_builder":"on","_et_pb_old_content":"<!-- wp:divi\/placeholder \/-->","_et_gb_content_width":"","footnotes":""},"class_list":["post-88","page","type-page","status-publish","hentry"],"yoast_head":"<!-- This site is optimized with the Yoast SEO plugin v25.5 - https:\/\/yoast.com\/wordpress\/plugins\/seo\/ -->\n<title>Ulkomuototuomarikoulutus - Suomen Norwichin- ja Norfolkinterrierit ry<\/title>\n<meta name=\"robots\" content=\"index, follow, max-snippet:-1, max-image-preview:large, max-video-preview:-1\" \/>\n<link rel=\"canonical\" href=\"https:\/\/www.nnterrierit.fi\/?page_id=88\" \/>\n<meta property=\"og:locale\" content=\"en_US\" \/>\n<meta property=\"og:type\" content=\"article\" \/>\n<meta property=\"og:title\" content=\"Ulkomuototuomarikoulutus - Suomen Norwichin- ja Norfolkinterrierit ry\" \/>\n<meta property=\"og:description\" content=\"N\u00e4ytt\u00f6, arvostelu- ja erikoiskoulutukset 2022-2024Ilmoittautuminen Ilmoittautuminen kaikkiin n\u00e4ytt\u00f6- ja arvostelukokeisiin v\u00e4hint\u00e4\u00e4n kuukautta ennen tilaisuutta s\u00e4hk\u00f6postitse Marja Salmiselle osoitteeseen porrigito@gmail.com\u00a0(puh. 050 5985220) Varattu ja peruuttamaton ilmoittautuminen kokeeseen katsotaan hyl\u00e4tyksi suoritukseksi. &nbsp;2022 * 26.10.2022 - keskiviikko alkaen kello 17:00. Norfolkin-ja norwichinterrierien erikoiskoulutus, arvostelukoe- ja n\u00e4ytt\u00f6tilaisuus. 2023 * 12.4.2023 - alkaen kello 17:00. Norfolkin-ja norwichinterrierien erikoiskoulutus * 11.10.2023 [&hellip;]\" \/>\n<meta property=\"og:url\" content=\"https:\/\/www.nnterrierit.fi\/?page_id=88\" \/>\n<meta property=\"og:site_name\" content=\"Suomen Norwichin- ja Norfolkinterrierit ry\" \/>\n<meta property=\"article:modified_time\" content=\"2023-10-12T15:16:19+00:00\" \/>\n<meta name=\"twitter:card\" content=\"summary_large_image\" \/>\n<meta name=\"twitter:label1\" content=\"Est. reading time\" \/>\n\t<meta name=\"twitter:data1\" content=\"2 minutes\" \/>\n<script type=\"application\/ld+json\" class=\"yoast-schema-graph\">{\"@context\":\"https:\/\/schema.org\",\"@graph\":[{\"@type\":\"WebPage\",\"@id\":\"https:\/\/www.nnterrierit.fi\/?page_id=88\",\"url\":\"https:\/\/www.nnterrierit.fi\/?page_id=88\",\"name\":\"Ulkomuototuomarikoulutus - Suomen Norwichin- ja Norfolkinterrierit ry\",\"isPartOf\":{\"@id\":\"https:\/\/www.nnterrierit.fi\/#website\"},\"datePublished\":\"2020-11-29T11:34:55+00:00\",\"dateModified\":\"2023-10-12T15:16:19+00:00\",\"breadcrumb\":{\"@id\":\"https:\/\/www.nnterrierit.fi\/?page_id=88#breadcrumb\"},\"inLanguage\":\"en\",\"potentialAction\":[{\"@type\":\"ReadAction\",\"target\":[\"https:\/\/www.nnterrierit.fi\/?page_id=88\"]}]},{\"@type\":\"BreadcrumbList\",\"@id\":\"https:\/\/www.nnterrierit.fi\/?page_id=88#breadcrumb\",\"itemListElement\":[{\"@type\":\"ListItem\",\"position\":1,\"name\":\"Home\",\"item\":\"https:\/\/www.nnterrierit.fi\/\"},{\"@type\":\"ListItem\",\"position\":2,\"name\":\"Ulkomuototuomarikoulutus\"}]},{\"@type\":\"WebSite\",\"@id\":\"https:\/\/www.nnterrierit.fi\/#website\",\"url\":\"https:\/\/www.nnterrierit.fi\/\",\"name\":\"Suomen Norwichin- ja Norfolkinterrierit ry\",\"description\":\"\",\"potentialAction\":[{\"@type\":\"SearchAction\",\"target\":{\"@type\":\"EntryPoint\",\"urlTemplate\":\"https:\/\/www.nnterrierit.fi\/?s={search_term_string}\"},\"query-input\":{\"@type\":\"PropertyValueSpecification\",\"valueRequired\":true,\"valueName\":\"search_term_string\"}}],\"inLanguage\":\"en\"}]}<\/script>\n<!-- \/ Yoast SEO plugin. -->","yoast_head_json":{"title":"Ulkomuototuomarikoulutus - Suomen Norwichin- ja Norfolkinterrierit ry","robots":{"index":"index","follow":"follow","max-snippet":"max-snippet:-1","max-image-preview":"max-image-preview:large","max-video-preview":"max-video-preview:-1"},"canonical":"https:\/\/www.nnterrierit.fi\/?page_id=88","og_locale":"en_US","og_type":"article","og_title":"Ulkomuototuomarikoulutus - Suomen Norwichin- ja Norfolkinterrierit ry","og_description":"N\u00e4ytt\u00f6, arvostelu- ja erikoiskoulutukset 2022-2024Ilmoittautuminen Ilmoittautuminen kaikkiin n\u00e4ytt\u00f6- ja arvostelukokeisiin v\u00e4hint\u00e4\u00e4n kuukautta ennen tilaisuutta s\u00e4hk\u00f6postitse Marja Salmiselle osoitteeseen porrigito@gmail.com\u00a0(puh. 050 5985220) Varattu ja peruuttamaton ilmoittautuminen kokeeseen katsotaan hyl\u00e4tyksi suoritukseksi. &nbsp;2022 * 26.10.2022 - keskiviikko alkaen kello 17:00. Norfolkin-ja norwichinterrierien erikoiskoulutus, arvostelukoe- ja n\u00e4ytt\u00f6tilaisuus. 2023 * 12.4.2023 - alkaen kello 17:00. Norfolkin-ja norwichinterrierien erikoiskoulutus * 11.10.2023 [&hellip;]","og_url":"https:\/\/www.nnterrierit.fi\/?page_id=88","og_site_name":"Suomen Norwichin- ja Norfolkinterrierit ry","article_modified_time":"2023-10-12T15:16:19+00:00","twitter_card":"summary_large_image","twitter_misc":{"Est. reading time":"2 minutes"},"schema":{"@context":"https:\/\/schema.org","@graph":[{"@type":"WebPage","@id":"https:\/\/www.nnterrierit.fi\/?page_id=88","url":"https:\/\/www.nnterrierit.fi\/?page_id=88","name":"Ulkomuototuomarikoulutus - Suomen Norwichin- ja Norfolkinterrierit ry","isPartOf":{"@id":"https:\/\/www.nnterrierit.fi\/#website"},"datePublished":"2020-11-29T11:34:55+00:00","dateModified":"2023-10-12T15:16:19+00:00","breadcrumb":{"@id":"https:\/\/www.nnterrierit.fi\/?page_id=88#breadcrumb"},"inLanguage":"en","potentialAction":[{"@type":"ReadAction","target":["https:\/\/www.nnterrierit.fi\/?page_id=88"]}]},{"@type":"BreadcrumbList","@id":"https:\/\/www.nnterrierit.fi\/?page_id=88#breadcrumb","itemListElement":[{"@type":"ListItem","position":1,"name":"Home","item":"https:\/\/www.nnterrierit.fi\/"},{"@type":"ListItem","position":2,"name":"Ulkomuototuomarikoulutus"}]},{"@type":"WebSite","@id":"https:\/\/www.nnterrierit.fi\/#website","url":"https:\/\/www.nnterrierit.fi\/","name":"Suomen Norwichin- ja Norfolkinterrierit ry","description":"","potentialAction":[{"@type":"SearchAction","target":{"@type":"EntryPoint","urlTemplate":"https:\/\/www.nnterrierit.fi\/?s={search_term_string}"},"query-input":{"@type":"PropertyValueSpecification","valueRequired":true,"valueName":"search_term_string"}}],"inLanguage":"en"}]}},"_links":{"self":[{"href":"https:\/\/www.nnterrierit.fi\/index.php?rest_route=\/wp\/v2\/pages\/88","targetHints":{"allow":["GET"]}}],"collection":[{"href":"https:\/\/www.nnterrierit.fi\/index.php?rest_route=\/wp\/v2\/pages"}],"about":[{"href":"https:\/\/www.nnterrierit.fi\/index.php?rest_route=\/wp\/v2\/types\/page"}],"author":[{"embeddable":true,"href":"https:\/\/www.nnterrierit.fi\/index.php?rest_route=\/wp\/v2\/users\/1"}],"replies":[{"embeddable":true,"href":"https:\/\/www.nnterrierit.fi\/index.php?rest_route=%2Fwp%2Fv2%2Fcomments&post=88"}],"version-history":[{"count":16,"href":"https:\/\/www.nnterrierit.fi\/index.php?rest_route=\/wp\/v2\/pages\/88\/revisions"}],"predecessor-version":[{"id":1390,"href":"https:\/\/www.nnterrierit.fi\/index.php?rest_route=\/wp\/v2\/pages\/88\/revisions\/1390"}],"wp:attachment":[{"href":"https:\/\/www.nnterrierit.fi\/index.php?rest_route=%2Fwp%2Fv2%2Fmedia&parent=88"}],"curies":[{"name":"wp","href":"https:\/\/api.w.org\/{rel}","templated":true}]}}