{"id":68,"date":"2020-11-29T11:23:38","date_gmt":"2020-11-29T11:23:38","guid":{"rendered":"http:\/\/wp5.louhi.net\/~nnterrie\/?page_id=68"},"modified":"2025-11-05T15:49:20","modified_gmt":"2025-11-05T15:49:20","slug":"tietoa-pennunostajille","status":"publish","type":"page","link":"https:\/\/www.nnterrierit.fi\/?page_id=68","title":{"rendered":"Tietoa pennunostajille"},"content":{"rendered":"<p>[et_pb_section fb_built=&#8221;1&#8243; fullwidth=&#8221;on&#8221; _builder_version=&#8221;4.16&#8243; _module_preset=&#8221;default&#8221; global_colors_info=&#8221;{}&#8221;][et_pb_fullwidth_header title=&#8221;T\u00e4rke\u00e4\u00e4 tietoa NN-roduista kiinnostuneelle&#8221; _builder_version=&#8221;4.16&#8243; _module_preset=&#8221;default&#8221; title_font=&#8221;Staatliches||||||||&#8221; title_font_size=&#8221;42px&#8221; background_image=&#8221;http:\/\/wp5.louhi.net\/~nnterrie\/wp-content\/uploads\/2021\/01\/image00030.jpeg&#8221; height=&#8221;600px&#8221; height_tablet=&#8221;&#8221; height_phone=&#8221;361px&#8221; height_last_edited=&#8221;on|desktop&#8221; custom_margin=&#8221;0px||||false|false&#8221; custom_padding=&#8221;180px||||false|false&#8221; custom_padding_tablet=&#8221;&#8221; custom_padding_phone=&#8221;&#8221; custom_padding_last_edited=&#8221;on|phone&#8221; global_colors_info=&#8221;{}&#8221;][\/et_pb_fullwidth_header][\/et_pb_section][et_pb_section fb_built=&#8221;1&#8243; _builder_version=&#8221;4.16&#8243; _module_preset=&#8221;default&#8221; custom_padding=&#8221;0px||0px||false|false&#8221; global_colors_info=&#8221;{}&#8221;][et_pb_row column_structure=&#8221;1_2,1_2&#8243; use_custom_gutter=&#8221;on&#8221; gutter_width=&#8221;2&#8243; _builder_version=&#8221;4.16&#8243; _module_preset=&#8221;default&#8221; custom_margin=&#8221;0px||0px||false|false&#8221; custom_padding=&#8221;17px||20px||false|false&#8221; global_colors_info=&#8221;{}&#8221;][et_pb_column type=&#8221;1_2&#8243; _builder_version=&#8221;4.16&#8243; _module_preset=&#8221;default&#8221; global_colors_info=&#8221;{}&#8221;][et_pb_text _builder_version=&#8221;4.16&#8243; _module_preset=&#8221;default&#8221; header_font=&#8221;Staatliches||||||||&#8221; custom_margin=&#8221;0px||0px||false|false&#8221; custom_padding=&#8221;10px||10px||false|false&#8221; global_colors_info=&#8221;{}&#8221;]<\/p>\n<h1>Onnea rotuvalinnasta &#8211; olet p\u00e4\u00e4tynyt ihanaan rotuun &#8211; norwichin- tai norfolkinterrieriin!<\/h1>\n<p>&nbsp;<\/p>\n<p>T\u00e4lle sivulle p\u00e4ivittyv\u00e4t kasvattajien ilmoittamat pentueet tai vapaana olevat pennut. Jos myyt\u00e4vi\u00e4 pentuja ei ole, pennun etsint\u00e4 vaatii aikaa ja aktiivisuutta.<\/p>\n<p>[\/et_pb_text][et_pb_text _builder_version=&#8221;4.16&#8243; _module_preset=&#8221;default&#8221; custom_margin=&#8221;0px||0px||false|false&#8221; custom_padding=&#8221;0px||0px||false|false&#8221; global_colors_info=&#8221;{}&#8221;]<\/p>\n<p>Molemmat rotumme norwichin- ja norfolkinterrierit ovat kovin suosittuja. T\u00e4st\u00e4 syyst\u00e4 pentua voi joutua odottamaan pitk\u00e4\u00e4n. Pennunostajan, joka todella haluaa jomman kumman n\u00e4ist\u00e4 roduista, kannattaa olla sitke\u00e4. Se pennunostaja, joka on aktiivisesti kasvattajaan yhteydess\u00e4, on lopulta se onnekas, joka saa pennun.<\/p>\n<p>Rotuj\u00e4rjest\u00f6 ohjaa pennuista kiinnostuneita ottamaan suoraan yhteytt\u00e4 kasvattajiin. Kasvattajalistan l\u00e4pik\u00e4yminen kannattaa aloittaa paikkakunnittain, sill\u00e4 jokainen kasvattaja myy pentunsa mielell\u00e4\u00e4n l\u00e4helle voidakseen my\u00f6hemminkin seurata sen varttumista.<\/p>\n<p>Suomen Norwichin- ja Norfolkinterrierit ry:n kasvattajalistalla olevat rotuj\u00e4rjest\u00f6n j\u00e4seni\u00e4 ja ovat itse ilmoittaneet yhteystietonsa julkaistavaksi. Rotuj\u00e4rjest\u00f6 ei valvo kasvattajien toimintaa eik\u00e4 vastaa kasvattajien toimintatavoista. Kasvattajaruutu j\u00e4senlehdess\u00e4 ja nettisivuilla on tarkoitettu yhdistyksen j\u00e4senkasvattajille. Suurin osa kasvattajista liitt\u00e4\u00e4 my\u00f6s pennunostajat ensimm\u00e4iseksi vuodeksi rotuj\u00e4rjest\u00f6n j\u00e4seniksi.<\/p>\n<p>[\/et_pb_text][\/et_pb_column][et_pb_column type=&#8221;1_2&#8243; _builder_version=&#8221;4.16&#8243; _module_preset=&#8221;default&#8221; global_colors_info=&#8221;{}&#8221;][et_pb_blurb title=&#8221;V\u00e4lityksess\u00e4 olevat pentueet&#8221; image=&#8221;http:\/\/wp5.louhi.net\/~nnterrie\/wp-content\/uploads\/2021\/01\/image00003.jpeg&#8221; _builder_version=&#8221;4.24.2&#8243; _module_preset=&#8221;default&#8221; header_font=&#8221;Staatliches||||||||&#8221; header_text_align=&#8221;center&#8221; background_color=&#8221;#d6d6d6&#8243; custom_margin=&#8221;10px||||false|false&#8221; custom_padding=&#8221;10px|10px|10px|10px|true|true&#8221; border_radii=&#8221;on|10px|10px|10px|10px&#8221; border_radii_image=&#8221;on|10px|10px|10px|10px&#8221; global_colors_info=&#8221;{}&#8221;]<\/p>\n<div dir=\"auto\">\n<div>\n<p><span>Ei t\u00e4ll\u00e4 hetkell\u00e4 v\u00e4lityksess\u00e4 olevia pentuja\/pentueita.<\/span><a href=\"mailto:tickkari@gmail.com\" target=\"_blank\" rel=\"noopener\"><\/a><\/p>\n<\/div>\n<\/div>\n<p style=\"text-align: left;\"><a href=\"http:\/\/www.karluxkennel.com\/\" rel=\"noopener noreferrer\" target=\"_blank\" data-saferedirecturl=\"https:\/\/www.google.com\/url?q=http:\/\/www.karluxkennel.com&amp;source=gmail&amp;ust=1743433829176000&amp;usg=AOvVaw3hHmLj6FC6fUjmrH92q5yG\"><\/a><\/p>\n<p>[\/et_pb_blurb][\/et_pb_column][\/et_pb_row][\/et_pb_section][et_pb_section fb_built=&#8221;1&#8243; _builder_version=&#8221;4.16&#8243; _module_preset=&#8221;default&#8221; custom_padding=&#8221;0px||0px||false|false&#8221; global_colors_info=&#8221;{}&#8221;][et_pb_row column_structure=&#8221;1_2,1_2&#8243; use_custom_gutter=&#8221;on&#8221; gutter_width=&#8221;2&#8243; _builder_version=&#8221;4.16&#8243; _module_preset=&#8221;default&#8221; global_colors_info=&#8221;{}&#8221;][et_pb_column type=&#8221;1_2&#8243; _builder_version=&#8221;4.16&#8243; _module_preset=&#8221;default&#8221; global_colors_info=&#8221;{}&#8221;][et_pb_blurb title=&#8221;Norwichinterrierikasvattajat&#8221; use_icon=&#8221;on&#8221; font_icon=&#8221;&#xe060;||divi||400&#8243; icon_color=&#8221;#e02b20&#8243; _builder_version=&#8221;4.23.4&#8243; _module_preset=&#8221;default&#8221; header_font=&#8221;Staatliches||||||||&#8221; header_text_align=&#8221;center&#8221; body_text_color=&#8221;#000000&#8243; background_color=&#8221;#ffffff&#8221; custom_margin=&#8221;|20px||20px|false|false&#8221; custom_padding=&#8221;10px|10px|10px|10px|false|false&#8221; border_radii=&#8221;on|10px|10px|10px|10px&#8221; global_colors_info=&#8221;{}&#8221;]<\/p>\n<p style=\"text-align: center;\"><a href=\"http:\/\/wp5.louhi.net\/~nnterrie\/?page_id=72\">Yhdistyksen kasvattajalista<\/a><\/p>\n<p style=\"text-align: center;\"><a href=\"https:\/\/jalostus.kennelliitto.fi\/frmKasvattajat.aspx?R=72&amp;Lang=fi\" target=\"_blank\" rel=\"noopener\">KoiraNet -jalostustietoj\u00e4rjestelm\u00e4<\/a><\/p>\n<p>[\/et_pb_blurb][\/et_pb_column][et_pb_column type=&#8221;1_2&#8243; _builder_version=&#8221;4.16&#8243; _module_preset=&#8221;default&#8221; global_colors_info=&#8221;{}&#8221;][et_pb_blurb title=&#8221;Norfolkinterrierikasvattajat&#8221; use_icon=&#8221;on&#8221; font_icon=&#8221;&#xe060;||divi||400&#8243; icon_color=&#8221;#e02b20&#8243; _builder_version=&#8221;4.23.4&#8243; _module_preset=&#8221;default&#8221; header_font=&#8221;Staatliches||||||||&#8221; header_text_align=&#8221;center&#8221; background_color=&#8221;#ffffff&#8221; custom_margin=&#8221;|20px||20px|false|false&#8221; custom_padding=&#8221;10px|10px|10px|10px|false|false&#8221; border_radii=&#8221;on|10px|10px|10px|10px&#8221; global_colors_info=&#8221;{}&#8221;]<\/p>\n<p style=\"text-align: center;\"><a href=\"http:\/\/wp5.louhi.net\/~nnterrie\/?page_id=70\">Yhdistyksen kasvattajalista<\/a><\/p>\n<p style=\"text-align: center;\"><a href=\"https:\/\/jalostus.kennelliitto.fi\/frmKasvattajat.aspx?R=272&amp;Lang=fi\" title=\"https:\/\/jalostus.kennelliitto.fi\/frmKasvattajat.aspx?R=272&amp;Lang=fi\" target=\"_blank\" rel=\"noopener\">KoiraNet -jalostustietoj\u00e4rjestelm\u00e4<\/a><\/p>\n<p>[\/et_pb_blurb][\/et_pb_column][\/et_pb_row][et_pb_row column_structure=&#8221;1_2,1_2&#8243; _builder_version=&#8221;4.16&#8243; _module_preset=&#8221;default&#8221; global_colors_info=&#8221;{}&#8221;][et_pb_column type=&#8221;1_2&#8243; _builder_version=&#8221;4.16&#8243; _module_preset=&#8221;default&#8221; global_colors_info=&#8221;{}&#8221;][et_pb_text _builder_version=&#8221;4.24.2&#8243; _module_preset=&#8221;default&#8221; global_colors_info=&#8221;{}&#8221;]<\/p>\n<p>Pennun kauppa on aina kasvattajan ja ostajan v\u00e4linen asia. Kasvattajasopimuksen allekirjoittaneiden kasvattajien on teht\u00e4v\u00e4 kauppasopimus Suomen Kennelliiton kauppasopimus -kaavakkeelle. Yll\u00e4 olevien linkkien kautta p\u00e4\u00e4set sek\u00e4 yhdistyksen ett\u00e4 Kennelliiton kasvattajalistaan KoiraNet -jalostustietoj\u00e4rjestelm\u00e4ss\u00e4. J\u00e4rjestelm\u00e4st\u00e4 l\u00f6yd\u00e4t kunkin kasvattajan kaikki pentueet, onko kasvattaja allekirjoittanut kennelliiton kasvattajasitoumuksen, pentueiden ja valioiden m\u00e4\u00e4r\u00e4t sek\u00e4 milloin kasvattaja on viimeksi rekister\u00f6inyt pentueen.<\/p>\n<p>Rotuj\u00e4rjest\u00f6 ei voi puuttua kasvattajan m\u00e4\u00e4ritt\u00e4m\u00e4\u00e4n pennunhintaan. Vastuullisten kasvattajien hinta el\u00e4inl\u00e4\u00e4k\u00e4rin tarkastamasta, rekister\u00f6idyst\u00e4 \u00a0pennusta on t\u00e4ll\u00e4 hetkell\u00e4 2000 euron molemmin puolin. Jos pennusta pyydet\u00e4\u00e4n huomattavan paljon korkeampaa hintaa, on pennunostajan syyt\u00e4 kysy\u00e4 mihin myyj\u00e4n hinta perustuu.<\/p>\n<p>Jos pennulla ilmenee jokin n\u00e4yttelyit\u00e4 tai my\u00f6hemp\u00e4\u00e4 jalostusk\u00e4ytt\u00f6\u00e4 est\u00e4v\u00e4 vika, on pennun myyntihinta alhaisempi. Kennelliiton kauppasopimuksen mukaan on kivesvikaisen koiran kauppahinnasta on palautettava 20%. My\u00f6s h\u00e4nt\u00e4mutka ja purentaviat alentavat pennun hintaa. H\u00e4nt\u00e4mutka on todettavissa jo luovutushetkell\u00e4.<\/p>\n<p>Pennunostajaa kehotetaan lukemaan huolella el\u00e4inl\u00e4\u00e4k\u00e4rin pentuerarkastusraportti, miss\u00e4 edell\u00e4 mainitut viat on raportoitu. Jos kasvattaja ei k\u00e4yt\u00e4 pentujaan el\u00e4inl\u00e4\u00e4k\u00e4rin tarkastuksessa, tarkasta pennun purenta, koittakaa onko h\u00e4nt\u00e4 suora ja onko urospennulla kivekset paikallaan.<\/p>\n<p>Rotuj\u00e4rjest\u00f6 toivoo ett\u00e4 jokaiselle pennusta kiinnostuneelle l\u00f6ytyy juuri se oikea pentu vastuulliselta kasvattajalta, joka on pennun omistajan tukena koko pennun elini\u00e4n ajan.<\/p>\n<p>[\/et_pb_text][\/et_pb_column][et_pb_column type=&#8221;1_2&#8243; _builder_version=&#8221;4.16&#8243; _module_preset=&#8221;default&#8221; global_colors_info=&#8221;{}&#8221;][et_pb_cta title=&#8221;Lue lis\u00e4\u00e4 vastuullisesta pennunostamisesta&#8221; _builder_version=&#8221;4.16&#8243; _module_preset=&#8221;default&#8221; header_font=&#8221;Staatliches||||||||&#8221; background_color=&#8221;#d6d6d6&#8243; custom_button=&#8221;on&#8221; button_text_color=&#8221;#000000&#8243; background_layout=&#8221;light&#8221; border_radii=&#8221;on|10px|10px|10px|10px&#8221; global_colors_info=&#8221;{}&#8221;]<\/p>\n<p>Lis\u00e4tietoa vastuullisesta pennunostamisesta l\u00f6yd\u00e4t Suomen Kennelliiton <a href=\"https:\/\/www.hankikoira.fi\/koiran-hankinta\/mista-tunnistat-hyvan-kasvattajan\">Hanki Koira -sivustolta.<\/a><\/p>\n<p>Kumpikaan roduistamme ei kuulu SKL:n PEVISA -ohjelmaan mutta yhdistyksell\u00e4 on minimisuositukset jalostukseen k\u00e4ytett\u00e4vien koirien osalta. Tutustu suosituksiin <a href=\"http:\/\/wp5.louhi.net\/~nnterrie\/?page_id=60\">t\u00e4\u00e4lt\u00e4.<\/a><\/p>\n<p>[\/et_pb_cta][et_pb_image src=&#8221;http:\/\/wp5.louhi.net\/~nnterrie\/wp-content\/uploads\/2021\/01\/36512956791_a6818c19bd_k.jpg&#8221; title_text=&#8221;36512956791_a6818c19bd_k&#8221; _builder_version=&#8221;4.16&#8243; _module_preset=&#8221;default&#8221; border_radii=&#8221;on|10px|10px|10px|10px&#8221; global_colors_info=&#8221;{}&#8221;][\/et_pb_image][\/et_pb_column][\/et_pb_row][\/et_pb_section]<\/p>\n","protected":false},"excerpt":{"rendered":"<p>Onnea rotuvalinnasta &#8211; olet p\u00e4\u00e4tynyt ihanaan rotuun &#8211; norwichin- tai norfolkinterrieriin! &nbsp; T\u00e4lle sivulle p\u00e4ivittyv\u00e4t kasvattajien ilmoittamat pentueet tai vapaana olevat pennut. Jos myyt\u00e4vi\u00e4 pentuja ei ole, pennun etsint\u00e4 vaatii aikaa ja aktiivisuutta.Molemmat rotumme norwichin- ja norfolkinterrierit ovat kovin suosittuja. T\u00e4st\u00e4 syyst\u00e4 pentua voi joutua odottamaan pitk\u00e4\u00e4n. Pennunostajan, joka todella haluaa jomman kumman n\u00e4ist\u00e4 roduista, [&hellip;]<\/p>\n","protected":false},"author":1,"featured_media":0,"parent":0,"menu_order":0,"comment_status":"closed","ping_status":"closed","template":"","meta":{"_et_pb_use_builder":"on","_et_pb_old_content":"<!-- wp:divi\/placeholder \/-->","_et_gb_content_width":"","footnotes":""},"class_list":["post-68","page","type-page","status-publish","hentry"],"yoast_head":"<!-- This site is optimized with the Yoast SEO plugin v25.5 - https:\/\/yoast.com\/wordpress\/plugins\/seo\/ -->\n<title>Tietoa pennunostajille - Suomen Norwichin- ja Norfolkinterrierit ry<\/title>\n<meta name=\"robots\" content=\"index, follow, max-snippet:-1, max-image-preview:large, max-video-preview:-1\" \/>\n<link rel=\"canonical\" href=\"https:\/\/www.nnterrierit.fi\/?page_id=68\" \/>\n<meta property=\"og:locale\" content=\"en_US\" \/>\n<meta property=\"og:type\" content=\"article\" \/>\n<meta property=\"og:title\" content=\"Tietoa pennunostajille - Suomen Norwichin- ja Norfolkinterrierit ry\" \/>\n<meta property=\"og:description\" content=\"Onnea rotuvalinnasta - olet p\u00e4\u00e4tynyt ihanaan rotuun - norwichin- tai norfolkinterrieriin! &nbsp; T\u00e4lle sivulle p\u00e4ivittyv\u00e4t kasvattajien ilmoittamat pentueet tai vapaana olevat pennut. Jos myyt\u00e4vi\u00e4 pentuja ei ole, pennun etsint\u00e4 vaatii aikaa ja aktiivisuutta.Molemmat rotumme norwichin- ja norfolkinterrierit ovat kovin suosittuja. T\u00e4st\u00e4 syyst\u00e4 pentua voi joutua odottamaan pitk\u00e4\u00e4n. Pennunostajan, joka todella haluaa jomman kumman n\u00e4ist\u00e4 roduista, [&hellip;]\" \/>\n<meta property=\"og:url\" content=\"https:\/\/www.nnterrierit.fi\/?page_id=68\" \/>\n<meta property=\"og:site_name\" content=\"Suomen Norwichin- ja Norfolkinterrierit ry\" \/>\n<meta property=\"article:modified_time\" content=\"2025-11-05T15:49:20+00:00\" \/>\n<meta name=\"twitter:card\" content=\"summary_large_image\" \/>\n<meta name=\"twitter:label1\" content=\"Est. reading time\" \/>\n\t<meta name=\"twitter:data1\" content=\"5 minutes\" \/>\n<script type=\"application\/ld+json\" class=\"yoast-schema-graph\">{\"@context\":\"https:\/\/schema.org\",\"@graph\":[{\"@type\":\"WebPage\",\"@id\":\"https:\/\/www.nnterrierit.fi\/?page_id=68\",\"url\":\"https:\/\/www.nnterrierit.fi\/?page_id=68\",\"name\":\"Tietoa pennunostajille - Suomen Norwichin- ja Norfolkinterrierit ry\",\"isPartOf\":{\"@id\":\"https:\/\/www.nnterrierit.fi\/#website\"},\"datePublished\":\"2020-11-29T11:23:38+00:00\",\"dateModified\":\"2025-11-05T15:49:20+00:00\",\"breadcrumb\":{\"@id\":\"https:\/\/www.nnterrierit.fi\/?page_id=68#breadcrumb\"},\"inLanguage\":\"en\",\"potentialAction\":[{\"@type\":\"ReadAction\",\"target\":[\"https:\/\/www.nnterrierit.fi\/?page_id=68\"]}]},{\"@type\":\"BreadcrumbList\",\"@id\":\"https:\/\/www.nnterrierit.fi\/?page_id=68#breadcrumb\",\"itemListElement\":[{\"@type\":\"ListItem\",\"position\":1,\"name\":\"Home\",\"item\":\"https:\/\/www.nnterrierit.fi\/\"},{\"@type\":\"ListItem\",\"position\":2,\"name\":\"Tietoa pennunostajille\"}]},{\"@type\":\"WebSite\",\"@id\":\"https:\/\/www.nnterrierit.fi\/#website\",\"url\":\"https:\/\/www.nnterrierit.fi\/\",\"name\":\"Suomen Norwichin- ja Norfolkinterrierit ry\",\"description\":\"\",\"potentialAction\":[{\"@type\":\"SearchAction\",\"target\":{\"@type\":\"EntryPoint\",\"urlTemplate\":\"https:\/\/www.nnterrierit.fi\/?s={search_term_string}\"},\"query-input\":{\"@type\":\"PropertyValueSpecification\",\"valueRequired\":true,\"valueName\":\"search_term_string\"}}],\"inLanguage\":\"en\"}]}<\/script>\n<!-- \/ Yoast SEO plugin. -->","yoast_head_json":{"title":"Tietoa pennunostajille - Suomen Norwichin- ja Norfolkinterrierit ry","robots":{"index":"index","follow":"follow","max-snippet":"max-snippet:-1","max-image-preview":"max-image-preview:large","max-video-preview":"max-video-preview:-1"},"canonical":"https:\/\/www.nnterrierit.fi\/?page_id=68","og_locale":"en_US","og_type":"article","og_title":"Tietoa pennunostajille - Suomen Norwichin- ja Norfolkinterrierit ry","og_description":"Onnea rotuvalinnasta - olet p\u00e4\u00e4tynyt ihanaan rotuun - norwichin- tai norfolkinterrieriin! &nbsp; T\u00e4lle sivulle p\u00e4ivittyv\u00e4t kasvattajien ilmoittamat pentueet tai vapaana olevat pennut. Jos myyt\u00e4vi\u00e4 pentuja ei ole, pennun etsint\u00e4 vaatii aikaa ja aktiivisuutta.Molemmat rotumme norwichin- ja norfolkinterrierit ovat kovin suosittuja. T\u00e4st\u00e4 syyst\u00e4 pentua voi joutua odottamaan pitk\u00e4\u00e4n. Pennunostajan, joka todella haluaa jomman kumman n\u00e4ist\u00e4 roduista, [&hellip;]","og_url":"https:\/\/www.nnterrierit.fi\/?page_id=68","og_site_name":"Suomen Norwichin- ja Norfolkinterrierit ry","article_modified_time":"2025-11-05T15:49:20+00:00","twitter_card":"summary_large_image","twitter_misc":{"Est. reading time":"5 minutes"},"schema":{"@context":"https:\/\/schema.org","@graph":[{"@type":"WebPage","@id":"https:\/\/www.nnterrierit.fi\/?page_id=68","url":"https:\/\/www.nnterrierit.fi\/?page_id=68","name":"Tietoa pennunostajille - Suomen Norwichin- ja Norfolkinterrierit ry","isPartOf":{"@id":"https:\/\/www.nnterrierit.fi\/#website"},"datePublished":"2020-11-29T11:23:38+00:00","dateModified":"2025-11-05T15:49:20+00:00","breadcrumb":{"@id":"https:\/\/www.nnterrierit.fi\/?page_id=68#breadcrumb"},"inLanguage":"en","potentialAction":[{"@type":"ReadAction","target":["https:\/\/www.nnterrierit.fi\/?page_id=68"]}]},{"@type":"BreadcrumbList","@id":"https:\/\/www.nnterrierit.fi\/?page_id=68#breadcrumb","itemListElement":[{"@type":"ListItem","position":1,"name":"Home","item":"https:\/\/www.nnterrierit.fi\/"},{"@type":"ListItem","position":2,"name":"Tietoa pennunostajille"}]},{"@type":"WebSite","@id":"https:\/\/www.nnterrierit.fi\/#website","url":"https:\/\/www.nnterrierit.fi\/","name":"Suomen Norwichin- ja Norfolkinterrierit ry","description":"","potentialAction":[{"@type":"SearchAction","target":{"@type":"EntryPoint","urlTemplate":"https:\/\/www.nnterrierit.fi\/?s={search_term_string}"},"query-input":{"@type":"PropertyValueSpecification","valueRequired":true,"valueName":"search_term_string"}}],"inLanguage":"en"}]}},"_links":{"self":[{"href":"https:\/\/www.nnterrierit.fi\/index.php?rest_route=\/wp\/v2\/pages\/68","targetHints":{"allow":["GET"]}}],"collection":[{"href":"https:\/\/www.nnterrierit.fi\/index.php?rest_route=\/wp\/v2\/pages"}],"about":[{"href":"https:\/\/www.nnterrierit.fi\/index.php?rest_route=\/wp\/v2\/types\/page"}],"author":[{"embeddable":true,"href":"https:\/\/www.nnterrierit.fi\/index.php?rest_route=\/wp\/v2\/users\/1"}],"replies":[{"embeddable":true,"href":"https:\/\/www.nnterrierit.fi\/index.php?rest_route=%2Fwp%2Fv2%2Fcomments&post=68"}],"version-history":[{"count":35,"href":"https:\/\/www.nnterrierit.fi\/index.php?rest_route=\/wp\/v2\/pages\/68\/revisions"}],"predecessor-version":[{"id":1985,"href":"https:\/\/www.nnterrierit.fi\/index.php?rest_route=\/wp\/v2\/pages\/68\/revisions\/1985"}],"wp:attachment":[{"href":"https:\/\/www.nnterrierit.fi\/index.php?rest_route=%2Fwp%2Fv2%2Fmedia&parent=68"}],"curies":[{"name":"wp","href":"https:\/\/api.w.org\/{rel}","templated":true}]}}