{"id":36,"date":"2020-11-29T11:16:07","date_gmt":"2020-11-29T11:16:07","guid":{"rendered":"http:\/\/wp5.louhi.net\/~nnterrie\/?page_id=36"},"modified":"2026-04-07T12:00:55","modified_gmt":"2026-04-07T12:00:55","slug":"hallitus-ja-toimikunnat","status":"publish","type":"page","link":"https:\/\/www.nnterrierit.fi\/?page_id=36","title":{"rendered":"Hallitus ja toimikunnat"},"content":{"rendered":"<p>[et_pb_section fb_built=&#8221;1&#8243; fullwidth=&#8221;on&#8221; _builder_version=&#8221;4.16&#8243; _module_preset=&#8221;default&#8221; global_colors_info=&#8221;{}&#8221;][et_pb_fullwidth_header title=&#8221;Hallitus ja toimikunnat&#8221; subhead=&#8221;Hallitus koostuu puheenjohtajasta ja kuudesta varsinaisesta j\u00e4senest\u00e4 sek\u00e4 kahdesta varaj\u00e4senest\u00e4. Hallituksen kokoonpano valitaan yhdistyksen vuosikokouksessa.&#8221; _builder_version=&#8221;4.20.0&#8243; _module_preset=&#8221;default&#8221; title_font=&#8221;Staatliches||||||||&#8221; title_text_color=&#8221;#ffffff&#8221; title_font_size=&#8221;50px&#8221; content_font=&#8221;Open Sans|600|||||||&#8221; content_text_color=&#8221;#ffffff&#8221; content_font_size=&#8221;38px&#8221; subhead_text_color=&#8221;#ffffff&#8221; subhead_font_size=&#8221;28px&#8221; background_image=&#8221;http:\/\/wp5.louhi.net\/~nnterrie\/wp-content\/uploads\/2021\/01\/image00018.jpeg&#8221; custom_button_one=&#8221;on&#8221; button_one_text_size=&#8221;21px&#8221; button_one_text_color=&#8221;#ffffff&#8221; button_one_bg_color=&#8221;rgba(0,0,0,0)&#8221; button_one_font=&#8221;Staatliches||||||||&#8221; height=&#8221;600px&#8221; height_tablet=&#8221;&#8221; height_phone=&#8221;&#8221; height_last_edited=&#8221;on|desktop&#8221; max_height=&#8221;669px&#8221; custom_margin=&#8221;0px||||false|false&#8221; custom_padding=&#8221;120px||||false|false&#8221; border_width_bottom_image=&#8221;4px&#8221; border_color_bottom_image=&#8221;#000000&#8243; global_colors_info=&#8221;{}&#8221;][\/et_pb_fullwidth_header][\/et_pb_section][et_pb_section fb_built=&#8221;1&#8243; _builder_version=&#8221;4.16&#8243; _module_preset=&#8221;default&#8221; min_height=&#8221;836px&#8221; custom_padding=&#8221;20px||||false|false&#8221; global_colors_info=&#8221;{}&#8221;][et_pb_row column_structure=&#8221;1_2,1_2&#8243; _builder_version=&#8221;4.16&#8243; _module_preset=&#8221;default&#8221; custom_padding=&#8221;0px||||false|false&#8221; global_colors_info=&#8221;{}&#8221;][et_pb_column type=&#8221;1_2&#8243; _builder_version=&#8221;4.16&#8243; _module_preset=&#8221;default&#8221; global_colors_info=&#8221;{}&#8221;][et_pb_text _builder_version=&#8221;4.16&#8243; _module_preset=&#8221;default&#8221; header_font=&#8221;Staatliches||||||||&#8221; global_colors_info=&#8221;{}&#8221;]<\/p>\n<h1>Hallitus<\/h1>\n<p>[\/et_pb_text][\/et_pb_column][et_pb_column type=&#8221;1_2&#8243; _builder_version=&#8221;4.16&#8243; _module_preset=&#8221;default&#8221; global_colors_info=&#8221;{}&#8221;][et_pb_text _builder_version=&#8221;4.16&#8243; _module_preset=&#8221;default&#8221; header_font=&#8221;Staatliches||||||||&#8221; global_colors_info=&#8221;{}&#8221;]<\/p>\n<h1>Toimihenkil\u00f6t<\/h1>\n<p>[\/et_pb_text][\/et_pb_column][\/et_pb_row][et_pb_row column_structure=&#8221;1_2,1_2&#8243; _builder_version=&#8221;4.16&#8243; _module_preset=&#8221;default&#8221; custom_padding=&#8221;0px||||false|false&#8221; global_colors_info=&#8221;{}&#8221;][et_pb_column type=&#8221;1_2&#8243; _builder_version=&#8221;4.16&#8243; _module_preset=&#8221;default&#8221; global_colors_info=&#8221;{}&#8221;][et_pb_text _builder_version=&#8221;4.16&#8243; _module_preset=&#8221;default&#8221; header_3_font=&#8221;Staatliches||||||||&#8221; global_colors_info=&#8221;{}&#8221;]<\/p>\n<h3>Puheenjohtaja 2026-2028<\/h3>\n<p>Sari Juuti<br \/><span>040 580 5807<\/span><br \/><a href=\"mailto:puheenjohtaja@nnterrierit.fi\">puheenjohtaja@nnterrierit.fi<\/a><\/p>\n<h3>Varapuheenjohtaja<\/h3>\n<p>&nbsp;<\/p>\n<h3>SihteeRi<\/h3>\n<p>Marja Salminen<br \/><span>050 5985 220<\/span><br \/><a href=\"mailto:sihteeri@nnterrierit.fi\">sihteeri@nnterrierit.fi<\/a><\/p>\n<h3>Hallituksen j\u00e4senet 2025-2027<\/h3>\n<p><a href=\"nnhallitus@nnterrierit.fi\">nnhallitus@nnterrierit.fi<\/a><br \/>Hanna Hellst\u00e9n<br \/>Maija Soini<br \/>Sanna Sir\u00e9n<\/p>\n<p>Varaj\u00e4sen \u00a0&#8211; norwich<br \/>Mari Renlund<\/p>\n<p><span class=\"redactor-invisible-space\">Varaj\u00e4sen &#8211; norfolk<br \/>Nina Kallberg<br \/><\/span><\/p>\n<h3>Hallituksen j\u00e4senet 2026 &#8211; 2028<span style=\"font-size: 16px;\">\u00a0<\/span><\/h3>\n<p>Johanna Pellinen<br \/>Nan Salminen<br \/>Kirsi Koskelo<\/p>\n<p>[\/et_pb_text][\/et_pb_column][et_pb_column type=&#8221;1_2&#8243; _builder_version=&#8221;4.16&#8243; _module_preset=&#8221;default&#8221; global_colors_info=&#8221;{}&#8221;][et_pb_text _builder_version=&#8221;4.27.4&#8243; _module_preset=&#8221;default&#8221; header_3_font=&#8221;Staatliches||||||||&#8221; global_colors_info=&#8221;{}&#8221;]<\/p>\n<h3>Taloudenhoitaja<\/h3>\n<p>Minna L\u00e4hteenm\u00e4ki<br \/><span>044-2571 440<\/span><br \/><a href=\"mailto:taloudenhoitaja@nnterrierit.fi\">taloudenhoitaja@nnterrierit.fi<\/a><\/p>\n<h3>NN Uutisten p\u00e4\u00e4toimittaja<\/h3>\n<p>Sanna Kokkonen<br \/><span>040 584 3527<\/span><br \/><a href=\"mailto:nnuutiset@nnterrierit.fi\">nnuutiset@nnterrierit.fi<\/a><\/p>\n<h3>J\u00e4sensihteeri<\/h3>\n<p>Pirjo Laihi<br \/><span>044 033 3576<\/span><br \/><a href=\"mailto:jasensihteeri@nnterrierit.fi\">jasensihteeri@nnterrierit.fi<\/a><\/p>\n<h3><\/h3>\n<h3><\/h3>\n<h3>Nettijulkaisut ja tiedotus:<\/h3>\n<p>Ira Karvo<br \/><a href=\"mailto:jasensihteeri@nnterrierit.fi\">webmaster@nnterrierit.fi<\/a><\/p>\n<h3>Toiminnantarkastajat 2026<\/h3>\n<p>Minna Kumanto<br \/>Sari Sulkakoski<\/p>\n<h3>Varatoiminnantarkastajat 2026<\/h3>\n<p>Kirsi Nieminen<br \/>Jaana Oksala<\/p>\n<h3>Yhdistyksen edustaja SKL:n hallituksessa 2026-2028<\/h3>\n<p>Helene Vanninen, varsinainen j\u00e4sen<br \/>Tanja Seiloo, varaj\u00e4sen<\/p>\n<p>[\/et_pb_text][\/et_pb_column][\/et_pb_row][et_pb_row _builder_version=&#8221;4.16&#8243; _module_preset=&#8221;default&#8221; custom_margin=&#8221;0px||0px||false|false&#8221; custom_padding=&#8221;0px||0px||false|false&#8221; global_colors_info=&#8221;{}&#8221;][et_pb_column type=&#8221;4_4&#8243; _builder_version=&#8221;4.16&#8243; _module_preset=&#8221;default&#8221; global_colors_info=&#8221;{}&#8221;][et_pb_text _builder_version=&#8221;4.16&#8243; _module_preset=&#8221;default&#8221; text_font=&#8221;Staatliches||||||||&#8221; header_font=&#8221;Staatliches||||||||&#8221; global_colors_info=&#8221;{}&#8221;]<\/p>\n<h2>Toimikunnat<\/h2>\n<p>[\/et_pb_text][\/et_pb_column][\/et_pb_row][et_pb_row column_structure=&#8221;1_4,1_4,1_4,1_4&#8243; _builder_version=&#8221;4.16&#8243; _module_preset=&#8221;default&#8221; custom_padding=&#8221;||80px|||&#8221; global_colors_info=&#8221;{}&#8221;][et_pb_column type=&#8221;1_4&#8243; _builder_version=&#8221;4.16&#8243; _module_preset=&#8221;default&#8221; global_colors_info=&#8221;{}&#8221;][et_pb_text _builder_version=&#8221;4.27.4&#8243; _module_preset=&#8221;default&#8221; header_3_font=&#8221;Staatliches||||||||&#8221; global_colors_info=&#8221;{}&#8221;]<\/p>\n<h3>Jalostustoimikunta<\/h3>\n<p><a href=\"mailto:jalostustoimikunta@nnterrierit.fi\">jalostustoimikunta@nnterrierit.fi<\/a><br \/>Nan Salminen, pj<\/p>\n<p>Kirsi Nieminen<br \/>Jenna Rajalampi<br \/>Maija Soini<br \/>Kari Tick<\/p>\n<p>&nbsp;<\/p>\n<p>[\/et_pb_text][\/et_pb_column][et_pb_column type=&#8221;1_4&#8243; _builder_version=&#8221;4.16&#8243; _module_preset=&#8221;default&#8221; global_colors_info=&#8221;{}&#8221;][et_pb_text _builder_version=&#8221;4.16&#8243; _module_preset=&#8221;default&#8221; header_3_font=&#8221;Staatliches||||||||&#8221; global_colors_info=&#8221;{}&#8221;]<\/p>\n<h3>Lehtitoimikunta<\/h3>\n<p><a href=\"mailto:nnuutiset@nnterrierit.fi\">nnuutiset@nnterrierit.fi<\/a><br \/>Sanna Kokkonen, p\u00e4\u00e4toimittaja<\/p>\n<div class=\"page\" title=\"Page 2\">\n<div class=\"layoutArea\">\n<div class=\"column\">\n<p><span><\/span><\/p>\n<p><span>Eve Halla<br \/>Ida Holopainen<br \/>Marja Salminen <br \/><\/span><span>Maija Soini <\/span><\/p>\n<\/div>\n<\/div>\n<\/div>\n<p>[\/et_pb_text][\/et_pb_column][et_pb_column type=&#8221;1_4&#8243; _builder_version=&#8221;4.16&#8243; _module_preset=&#8221;default&#8221; global_colors_info=&#8221;{}&#8221;][et_pb_text _builder_version=&#8221;4.16&#8243; _module_preset=&#8221;default&#8221; header_3_font=&#8221;Staatliches||||||||&#8221; global_colors_info=&#8221;{}&#8221;]<\/p>\n<h3>N\u00e4yttely- ja tulostoimikunta<\/h3>\n<p><span><a href=\"mailto:nayttelytoimikunta@nnterrierit.fi\">nayttelytoimikunta@nnterrierit.fi<\/a> Nina Kallberg<\/span>, pj<\/p>\n<div class=\"page\" title=\"Page 2\">\n<div class=\"layoutArea\">\n<div class=\"column\">\n<p><span>Ira Karvo<br \/>Tanja Seiloo<br \/>Maija Soini<\/span><\/p>\n<\/div>\n<\/div>\n<\/div>\n<p>&nbsp;<\/p>\n<p>[\/et_pb_text][\/et_pb_column][et_pb_column type=&#8221;1_4&#8243; _builder_version=&#8221;4.16&#8243; _module_preset=&#8221;default&#8221; global_colors_info=&#8221;{}&#8221;][et_pb_text _builder_version=&#8221;4.16&#8243; _module_preset=&#8221;default&#8221; header_3_font=&#8221;Staatliches||||||||&#8221; global_colors_info=&#8221;{}&#8221;]<\/p>\n<h3>Ulkomuototuomari-koulutus<\/h3>\n<p>Marja Salminen, pj<\/p>\n<div class=\"page\" title=\"Page 2\">\n<div class=\"layoutArea\">\n<div class=\"column\">\n<p><span><\/span><\/p>\n<p><span>Johan Juslin<br \/>Arja Koskelo<br \/>Kirsi Nieminen <\/span><\/p>\n<p><span>Ja\u0308rjestelyt:<br \/>Ursula Johansson<br \/>Anita Lehtonen<br \/>Johanna Pellinen <br \/><\/span><span>Jenna Rajalampi<br \/>Tanja Seiloo <\/span><\/p>\n<\/div>\n<\/div>\n<\/div>\n<p>[\/et_pb_text][\/et_pb_column][\/et_pb_row][\/et_pb_section][et_pb_section fb_built=&#8221;1&#8243; _builder_version=&#8221;4.16&#8243; _module_preset=&#8221;default&#8221; background_color=&#8221;#d6d6d6&#8243; global_colors_info=&#8221;{}&#8221;][et_pb_row column_structure=&#8221;1_2,1_2&#8243; _builder_version=&#8221;4.16&#8243; _module_preset=&#8221;default&#8221; global_colors_info=&#8221;{}&#8221;][et_pb_column type=&#8221;1_2&#8243; _builder_version=&#8221;4.16&#8243; _module_preset=&#8221;default&#8221; global_colors_info=&#8221;{}&#8221;][et_pb_blurb use_icon=&#8221;on&#8221; font_icon=&#8221;&#xe010;||divi||400&#8243; icon_color=&#8221;#e02b20&#8243; image_icon_width=&#8221;29px&#8221; _builder_version=&#8221;4.27.4&#8243; _module_preset=&#8221;default&#8221; header_font=&#8221;Staatliches||||||||&#8221; body_font=&#8221;Open Sans||||||||&#8221; text_orientation=&#8221;center&#8221; custom_margin=&#8221;||0px||false|false&#8221; custom_padding=&#8221;||21px||false|false&#8221; icon_font_size=&#8221;29px&#8221; locked=&#8221;off&#8221; global_colors_info=&#8221;{}&#8221;]<\/p>\n<h1><\/h1>\n<h4 class=\"et_pb_module_header et-fb-editable-element et-fb-editable-element__editing\" data-shortcode-id=\"6.0.0.1-1771783996468\" data-quickaccess-id=\"header\" contenteditable=\"true\">puheenjohtaja<\/h4>\n<p>Sari Juuti<br \/><a href=\"mailto:puheenjohtaja@nnterrierit.fi\">puheenjohtaja@nnterrierit.fi<\/a><\/p>\n<p><a href=\"tanja@karloon.fi\"><\/a><\/p>\n<p>[\/et_pb_blurb][et_pb_blurb title=&#8221;Sihteeri&#8221; use_icon=&#8221;on&#8221; _builder_version=&#8221;4.16&#8243; _module_preset=&#8221;default&#8221; header_font=&#8221;Staatliches||||||||&#8221; header_text_align=&#8221;center&#8221; min_height=&#8221;61.6px&#8221; custom_margin=&#8221;0px||||false|false&#8221; custom_padding=&#8221;0px||||false|false&#8221; locked=&#8221;off&#8221; global_colors_info=&#8221;{}&#8221;]<\/p>\n<p style=\"text-align: center;\">Marja Salminen<br \/><a href=\"mailto:sihteeri@nnterrierit.fi\">sihteeri@nnterrierit.fi<\/a><\/p>\n<p>[\/et_pb_blurb][\/et_pb_column][et_pb_column type=&#8221;1_2&#8243; _builder_version=&#8221;4.16&#8243; _module_preset=&#8221;default&#8221; global_colors_info=&#8221;{}&#8221;][et_pb_text _builder_version=&#8221;4.16&#8243; _module_preset=&#8221;default&#8221; text_font=&#8221;Open Sans||||||||&#8221; link_font=&#8221;||||||||&#8221; link_text_color=&#8221;#000000&#8243; header_font=&#8221;Staatliches||||||||&#8221; width=&#8221;100%&#8221; locked=&#8221;off&#8221; global_colors_info=&#8221;{}&#8221;]<\/p>\n<h1>Hy\u00f6dyllisi\u00e4 linkkej\u00e4<\/h1>\n<p><a href=\"https:\/\/www.kennelliitto.fi\"><span style=\"text-decoration: line-through;\"><\/span>Kennelliitto<\/a><br \/><a href=\"http:\/\/www.norwichterrierclub.co.uk\">Norwich Terrier Club UK<\/a><br \/><a href=\"http:\/\/www.norwichterrierklubben.se\">Svenska Norwichterrierklubben<\/a><br \/><a href=\"https:\/\/norwichterrierclub.org\">Norwich Terrier Club of America<\/a><br \/><a href=\"http:\/\/www.norfolkterrierclub.co.uk\">The Norfolk Terrier Club of Great Britain<\/a><br \/><a href=\"https:\/\/www.mcnorfolkterriers.com\/#!about-the-club\/c1qt5\">Midland Counties Norfolk Terrier Association<\/a><br \/><a href=\"http:\/\/svenskanorfolkterrierklubben.se\">Svenska Norfolkterrierklubben<\/a><br \/><a href=\"http:\/\/norfolkterrierclub.org\">The Norfolk Terrier Club (of America)<\/a><br \/><a href=\"https:\/\/www.royalcanin.com\/fi\">Royal Canin Suomi<\/a><br \/><a href=\"https:\/\/www.biofarm.fi\">Biofarm Oy<\/a><\/p>\n<p>[\/et_pb_text][\/et_pb_column][\/et_pb_row][\/et_pb_section][et_pb_section fb_built=&#8221;1&#8243; _builder_version=&#8221;4.16&#8243; _module_preset=&#8221;default&#8221; background_color=&#8221;#6b6b6b&#8221; height=&#8221;45px&#8221; custom_margin=&#8221;0px||0px||false|false&#8221; custom_padding=&#8221;0px||0px||false|false&#8221; global_colors_info=&#8221;{}&#8221;][et_pb_row _builder_version=&#8221;4.16&#8243; _module_preset=&#8221;default&#8221; custom_padding=&#8221;10px||0px||false|false&#8221; global_colors_info=&#8221;{}&#8221;][et_pb_column type=&#8221;4_4&#8243; _builder_version=&#8221;4.16&#8243; _module_preset=&#8221;default&#8221; global_colors_info=&#8221;{}&#8221;][et_pb_text _builder_version=&#8221;4.16&#8243; _module_preset=&#8221;default&#8221; text_font=&#8221;Open Sans||||||||&#8221; text_text_color=&#8221;#000000&#8243; link_text_color=&#8221;#ffffff&#8221; global_colors_info=&#8221;{}&#8221;]<\/p>\n<p><a href=\"http:\/\/wp5.louhi.net\/~nnterrie\/wp-content\/uploads\/2021\/01\/Tietosuojaseloste_NN.pdf\">Tietosuojaseloste<\/a><\/p>\n<p>[\/et_pb_text][\/et_pb_column][\/et_pb_row][\/et_pb_section]<\/p>\n","protected":false},"excerpt":{"rendered":"<p>HallitusToimihenkil\u00f6tPuheenjohtaja 2026-2028 Sari Juuti040 580 5807puheenjohtaja@nnterrierit.fi Varapuheenjohtaja &nbsp; SihteeRi Marja Salminen050 5985 220sihteeri@nnterrierit.fi Hallituksen j\u00e4senet 2025-2027 nnhallitus@nnterrierit.fiHanna Hellst\u00e9nMaija SoiniSanna Sir\u00e9n Varaj\u00e4sen \u00a0&#8211; norwichMari Renlund Varaj\u00e4sen &#8211; norfolkNina Kallberg Hallituksen j\u00e4senet 2026 &#8211; 2028\u00a0 Johanna PellinenNan SalminenKirsi KoskeloTaloudenhoitaja Minna L\u00e4hteenm\u00e4ki044-2571 440taloudenhoitaja@nnterrierit.fi NN Uutisten p\u00e4\u00e4toimittaja Sanna Kokkonen040 584 3527nnuutiset@nnterrierit.fi J\u00e4sensihteeri Pirjo Laihi044 033 3576jasensihteeri@nnterrierit.fi Nettijulkaisut ja tiedotus: [&hellip;]<\/p>\n","protected":false},"author":1,"featured_media":0,"parent":0,"menu_order":0,"comment_status":"closed","ping_status":"closed","template":"","meta":{"_et_pb_use_builder":"on","_et_pb_old_content":"<!-- wp:heading -->\n<h2>Hallitus<\/h2>\n<!-- \/wp:heading -->\n\n<!-- wp:heading -->\n<h2>Toimihenkil\u00f6t<\/h2>\n<!-- \/wp:heading -->\n\n<!-- wp:heading -->\n<h2>Toimikunnat<\/h2>\n<!-- \/wp:heading -->","_et_gb_content_width":"","footnotes":""},"class_list":["post-36","page","type-page","status-publish","hentry"],"yoast_head":"<!-- This site is optimized with the Yoast SEO plugin v25.5 - https:\/\/yoast.com\/wordpress\/plugins\/seo\/ -->\n<title>Hallitus ja toimikunnat - Suomen Norwichin- ja Norfolkinterrierit ry<\/title>\n<meta name=\"robots\" content=\"index, follow, max-snippet:-1, max-image-preview:large, max-video-preview:-1\" \/>\n<link rel=\"canonical\" href=\"https:\/\/www.nnterrierit.fi\/?page_id=36\" \/>\n<meta property=\"og:locale\" content=\"en_US\" \/>\n<meta property=\"og:type\" content=\"article\" \/>\n<meta property=\"og:title\" content=\"Hallitus ja toimikunnat - Suomen Norwichin- ja Norfolkinterrierit ry\" \/>\n<meta property=\"og:description\" content=\"HallitusToimihenkil\u00f6tPuheenjohtaja 2026-2028 Sari Juuti040 580 5807puheenjohtaja@nnterrierit.fi Varapuheenjohtaja &nbsp; SihteeRi Marja Salminen050 5985 220sihteeri@nnterrierit.fi Hallituksen j\u00e4senet 2025-2027 nnhallitus@nnterrierit.fiHanna Hellst\u00e9nMaija SoiniSanna Sir\u00e9n Varaj\u00e4sen \u00a0- norwichMari Renlund Varaj\u00e4sen - norfolkNina Kallberg Hallituksen j\u00e4senet 2026 - 2028\u00a0 Johanna PellinenNan SalminenKirsi KoskeloTaloudenhoitaja Minna L\u00e4hteenm\u00e4ki044-2571 440taloudenhoitaja@nnterrierit.fi NN Uutisten p\u00e4\u00e4toimittaja Sanna Kokkonen040 584 3527nnuutiset@nnterrierit.fi J\u00e4sensihteeri Pirjo Laihi044 033 3576jasensihteeri@nnterrierit.fi Nettijulkaisut ja tiedotus: [&hellip;]\" \/>\n<meta property=\"og:url\" content=\"https:\/\/www.nnterrierit.fi\/?page_id=36\" \/>\n<meta property=\"og:site_name\" content=\"Suomen Norwichin- ja Norfolkinterrierit ry\" \/>\n<meta property=\"article:modified_time\" content=\"2026-04-07T12:00:55+00:00\" \/>\n<meta name=\"twitter:card\" content=\"summary_large_image\" \/>\n<meta name=\"twitter:label1\" content=\"Est. reading time\" \/>\n\t<meta name=\"twitter:data1\" content=\"5 minutes\" \/>\n<script type=\"application\/ld+json\" class=\"yoast-schema-graph\">{\"@context\":\"https:\/\/schema.org\",\"@graph\":[{\"@type\":\"WebPage\",\"@id\":\"https:\/\/www.nnterrierit.fi\/?page_id=36\",\"url\":\"https:\/\/www.nnterrierit.fi\/?page_id=36\",\"name\":\"Hallitus ja toimikunnat - Suomen Norwichin- ja Norfolkinterrierit ry\",\"isPartOf\":{\"@id\":\"https:\/\/www.nnterrierit.fi\/#website\"},\"datePublished\":\"2020-11-29T11:16:07+00:00\",\"dateModified\":\"2026-04-07T12:00:55+00:00\",\"breadcrumb\":{\"@id\":\"https:\/\/www.nnterrierit.fi\/?page_id=36#breadcrumb\"},\"inLanguage\":\"en\",\"potentialAction\":[{\"@type\":\"ReadAction\",\"target\":[\"https:\/\/www.nnterrierit.fi\/?page_id=36\"]}]},{\"@type\":\"BreadcrumbList\",\"@id\":\"https:\/\/www.nnterrierit.fi\/?page_id=36#breadcrumb\",\"itemListElement\":[{\"@type\":\"ListItem\",\"position\":1,\"name\":\"Home\",\"item\":\"https:\/\/www.nnterrierit.fi\/\"},{\"@type\":\"ListItem\",\"position\":2,\"name\":\"Hallitus ja toimikunnat\"}]},{\"@type\":\"WebSite\",\"@id\":\"https:\/\/www.nnterrierit.fi\/#website\",\"url\":\"https:\/\/www.nnterrierit.fi\/\",\"name\":\"Suomen Norwichin- ja Norfolkinterrierit ry\",\"description\":\"\",\"potentialAction\":[{\"@type\":\"SearchAction\",\"target\":{\"@type\":\"EntryPoint\",\"urlTemplate\":\"https:\/\/www.nnterrierit.fi\/?s={search_term_string}\"},\"query-input\":{\"@type\":\"PropertyValueSpecification\",\"valueRequired\":true,\"valueName\":\"search_term_string\"}}],\"inLanguage\":\"en\"}]}<\/script>\n<!-- \/ Yoast SEO plugin. -->","yoast_head_json":{"title":"Hallitus ja toimikunnat - Suomen Norwichin- ja Norfolkinterrierit ry","robots":{"index":"index","follow":"follow","max-snippet":"max-snippet:-1","max-image-preview":"max-image-preview:large","max-video-preview":"max-video-preview:-1"},"canonical":"https:\/\/www.nnterrierit.fi\/?page_id=36","og_locale":"en_US","og_type":"article","og_title":"Hallitus ja toimikunnat - Suomen Norwichin- ja Norfolkinterrierit ry","og_description":"HallitusToimihenkil\u00f6tPuheenjohtaja 2026-2028 Sari Juuti040 580 5807puheenjohtaja@nnterrierit.fi Varapuheenjohtaja &nbsp; SihteeRi Marja Salminen050 5985 220sihteeri@nnterrierit.fi Hallituksen j\u00e4senet 2025-2027 nnhallitus@nnterrierit.fiHanna Hellst\u00e9nMaija SoiniSanna Sir\u00e9n Varaj\u00e4sen \u00a0- norwichMari Renlund Varaj\u00e4sen - norfolkNina Kallberg Hallituksen j\u00e4senet 2026 - 2028\u00a0 Johanna PellinenNan SalminenKirsi KoskeloTaloudenhoitaja Minna L\u00e4hteenm\u00e4ki044-2571 440taloudenhoitaja@nnterrierit.fi NN Uutisten p\u00e4\u00e4toimittaja Sanna Kokkonen040 584 3527nnuutiset@nnterrierit.fi J\u00e4sensihteeri Pirjo Laihi044 033 3576jasensihteeri@nnterrierit.fi Nettijulkaisut ja tiedotus: [&hellip;]","og_url":"https:\/\/www.nnterrierit.fi\/?page_id=36","og_site_name":"Suomen Norwichin- ja Norfolkinterrierit ry","article_modified_time":"2026-04-07T12:00:55+00:00","twitter_card":"summary_large_image","twitter_misc":{"Est. reading time":"5 minutes"},"schema":{"@context":"https:\/\/schema.org","@graph":[{"@type":"WebPage","@id":"https:\/\/www.nnterrierit.fi\/?page_id=36","url":"https:\/\/www.nnterrierit.fi\/?page_id=36","name":"Hallitus ja toimikunnat - Suomen Norwichin- ja Norfolkinterrierit ry","isPartOf":{"@id":"https:\/\/www.nnterrierit.fi\/#website"},"datePublished":"2020-11-29T11:16:07+00:00","dateModified":"2026-04-07T12:00:55+00:00","breadcrumb":{"@id":"https:\/\/www.nnterrierit.fi\/?page_id=36#breadcrumb"},"inLanguage":"en","potentialAction":[{"@type":"ReadAction","target":["https:\/\/www.nnterrierit.fi\/?page_id=36"]}]},{"@type":"BreadcrumbList","@id":"https:\/\/www.nnterrierit.fi\/?page_id=36#breadcrumb","itemListElement":[{"@type":"ListItem","position":1,"name":"Home","item":"https:\/\/www.nnterrierit.fi\/"},{"@type":"ListItem","position":2,"name":"Hallitus ja toimikunnat"}]},{"@type":"WebSite","@id":"https:\/\/www.nnterrierit.fi\/#website","url":"https:\/\/www.nnterrierit.fi\/","name":"Suomen Norwichin- ja Norfolkinterrierit ry","description":"","potentialAction":[{"@type":"SearchAction","target":{"@type":"EntryPoint","urlTemplate":"https:\/\/www.nnterrierit.fi\/?s={search_term_string}"},"query-input":{"@type":"PropertyValueSpecification","valueRequired":true,"valueName":"search_term_string"}}],"inLanguage":"en"}]}},"_links":{"self":[{"href":"https:\/\/www.nnterrierit.fi\/index.php?rest_route=\/wp\/v2\/pages\/36","targetHints":{"allow":["GET"]}}],"collection":[{"href":"https:\/\/www.nnterrierit.fi\/index.php?rest_route=\/wp\/v2\/pages"}],"about":[{"href":"https:\/\/www.nnterrierit.fi\/index.php?rest_route=\/wp\/v2\/types\/page"}],"author":[{"embeddable":true,"href":"https:\/\/www.nnterrierit.fi\/index.php?rest_route=\/wp\/v2\/users\/1"}],"replies":[{"embeddable":true,"href":"https:\/\/www.nnterrierit.fi\/index.php?rest_route=%2Fwp%2Fv2%2Fcomments&post=36"}],"version-history":[{"count":43,"href":"https:\/\/www.nnterrierit.fi\/index.php?rest_route=\/wp\/v2\/pages\/36\/revisions"}],"predecessor-version":[{"id":2145,"href":"https:\/\/www.nnterrierit.fi\/index.php?rest_route=\/wp\/v2\/pages\/36\/revisions\/2145"}],"wp:attachment":[{"href":"https:\/\/www.nnterrierit.fi\/index.php?rest_route=%2Fwp%2Fv2%2Fmedia&parent=36"}],"curies":[{"name":"wp","href":"https:\/\/api.w.org\/{rel}","templated":true}]}}