{"id":22,"date":"2020-11-29T11:01:12","date_gmt":"2020-11-29T11:01:12","guid":{"rendered":"http:\/\/wp5.louhi.net\/~nnterrie\/?page_id=22"},"modified":"2025-12-30T13:09:02","modified_gmt":"2025-12-30T13:09:02","slug":"yhdistyksesta","status":"publish","type":"page","link":"https:\/\/www.nnterrierit.fi\/?page_id=22","title":{"rendered":"Yhdistyksest\u00e4"},"content":{"rendered":"<p>[et_pb_section fb_built=&#8221;1&#8243; fullwidth=&#8221;on&#8221; _builder_version=&#8221;4.16&#8243; _module_preset=&#8221;default&#8221; global_colors_info=&#8221;{}&#8221;][et_pb_fullwidth_image src=&#8221;https:\/\/www.nnterrierit.fi\/wp-content\/uploads\/2021\/01\/image00018.jpeg&#8221; title_text=&#8221;image00018&#8243; _builder_version=&#8221;4.16&#8243; _module_preset=&#8221;default&#8221; global_colors_info=&#8221;{}&#8221;][\/et_pb_fullwidth_image][et_pb_fullwidth_header title=&#8221;Suomen Norwichin- ja Norfolkinterrierit ry&#8221; subhead=&#8221;Rotuj\u00e4rjest\u00f6 vuodesta 1997 l\u00e4htien&#8221; button_one_text=&#8221;Yhdistyksen s\u00e4\u00e4nn\u00f6t&#8221; button_one_url=&#8221;https:\/\/www.nnterrierit.fi\/wp-content\/uploads\/2022\/02\/Saannot-29_06_2021.pdf&#8221; _builder_version=&#8221;4.16&#8243; _module_preset=&#8221;default&#8221; title_font=&#8221;Staatliches||||||||&#8221; background_color=&#8221;#b3b3b3&#8243; custom_button_one=&#8221;on&#8221; button_one_font=&#8221;Staatliches||||||||&#8221; custom_margin=&#8221;-200px||||false|false&#8221; custom_margin_tablet=&#8221;-135px||||false|false&#8221; custom_margin_phone=&#8221;-66px||||false|false&#8221; custom_margin_last_edited=&#8221;on|desktop&#8221; global_colors_info=&#8221;{}&#8221;][\/et_pb_fullwidth_header][\/et_pb_section][et_pb_section fb_built=&#8221;1&#8243; _builder_version=&#8221;4.16&#8243; _module_preset=&#8221;default&#8221; global_colors_info=&#8221;{}&#8221;][et_pb_row _builder_version=&#8221;4.16&#8243; _module_preset=&#8221;default&#8221; custom_margin=&#8221;0px||0px||false|false&#8221; custom_padding=&#8221;0px||0px||false|false&#8221; global_colors_info=&#8221;{}&#8221;][et_pb_column type=&#8221;4_4&#8243; _builder_version=&#8221;4.16&#8243; _module_preset=&#8221;default&#8221; global_colors_info=&#8221;{}&#8221;][et_pb_text _builder_version=&#8221;4.16&#8243; _module_preset=&#8221;default&#8221; text_font=&#8221;Open Sans||||||||&#8221; global_colors_info=&#8221;{}&#8221;]<\/p>\n<p><span>Suomen Norwichin- ja Norfolkinterrierit r.y. perustettiin vuonna 1986. <\/span><span>Yhdistys on ollut Suomen Terrierij\u00e4rjest\u00f6n j\u00e4sen vuodesta 1988 ja Rotua Harrastava yhdistys vuodesta 1991. <\/span><span>Vuonna 1997 Suomen Kennelliitto my\u00f6nsi kerholle rotuj\u00e4rjest\u00f6n aseman.<\/span><span style=\"font-size: 14px;\">\u00a0<\/span><\/p>\n<p><span>Perustamisvuotta seuraavana vuonna ilmestyi ensimm\u00e4inen Norwich-Norfolk \u2013lehti. Seuraavana vuonna ilmestyi jo kaksi numeroa ja vuodesta 1992 eteenp\u00e4in lehti ilmestyi nelj\u00e4 kertaa vuodessa. Vuonna 1994 lehden nimeksi vaihdettiin NN-uutiset. Lehden painosm\u00e4\u00e4r\u00e4 on nykyisin 1000 kpl.<\/span><\/p>\n<p><span>J\u00e4senm\u00e4\u00e4r\u00e4 on kasvanut tasaisesti ja vuoden 2015 lopussa rotuj\u00e4rjest\u00f6ll\u00e4 oli yli 1.000 j\u00e4sent\u00e4. Rotumme ovat levinneet ymp\u00e4ri maan ja samoin kerhon j\u00e4seni\u00e4 asuu kaikkialla Suomessa. Tietynlaisia keskittymi\u00e4 on kuitenkin havaittavissa: eniten j\u00e4seni\u00e4 on p\u00e4\u00e4kaupunkiseudulla, sek\u00e4 Turun ja Tampereen alueella. Kolmisenkymment\u00e4 j\u00e4sent\u00e4 &#8211; sek\u00e4 suomalaisia ett\u00e4 ulkomaalaisia &#8211; asui vuoden 2006 lopussa ulkomailla.<\/span><\/p>\n<p><span>Lehden ja vuosikirjojen lis\u00e4ksi rotuj\u00e4rjest\u00f6 on julkaissut vuonna 2002 ensimm\u00e4isen, 442 -sivuisen valiokirjan, jossa on jokaisen vuoteen 2000 menness\u00e4 valion arvon saavuttaneiden koirien sukutaulu ja kuva. Lis\u00e4ksi julkaisussa on tiivistelm\u00e4 rotujemme historiasta (sek\u00e4 niiden alkuper\u00e4maassa) Englannissa ett\u00e4 Suomessa, sek\u00e4 listaukset eri vuosien voitokkaimmista koirista ja erikoisn\u00e4yttelyiden voittajat. Vuoden 2006 Juhlakirjassa on julkaistu vuosien 2001-2006 valioiden kuvat ja tiedot. Koirakohtaiset n\u00e4yttelyarvostelut on julkaistu omina kirjoinaan tai rotuj\u00e4rjest\u00f6n lehdess\u00e4. Sittemmin n\u00e4yttelyarvostelut on tallennettu yhdistyksen s\u00e4hk\u00f6iseen tietokantaan.<\/span><\/p>\n<p>&nbsp;<\/p>\n<p>[\/et_pb_text][\/et_pb_column][\/et_pb_row][et_pb_row _builder_version=&#8221;4.16&#8243; _module_preset=&#8221;default&#8221; global_colors_info=&#8221;{}&#8221;][et_pb_column type=&#8221;4_4&#8243; _builder_version=&#8221;4.16&#8243; _module_preset=&#8221;default&#8221; global_colors_info=&#8221;{}&#8221;][et_pb_text _builder_version=&#8221;4.16&#8243; _module_preset=&#8221;default&#8221; background_color=&#8221;#d6d6d6&#8243; max_width=&#8221;33%&#8221; module_alignment=&#8221;center&#8221; custom_margin=&#8221;0px||||false|false&#8221; custom_padding=&#8221;10px|10px|10px|10px|false|false&#8221; border_radii=&#8221;on|10px|10px|10px|10px&#8221; global_colors_info=&#8221;{}&#8221;]<\/p>\n<p style=\"text-align: center;\"><strong>Y-tunnus: 2289678-4<\/strong><\/p>\n<p style=\"text-align: center;\">Yhdistyksen pankkitili:<\/p>\n<p style=\"text-align: center;\"><strong><\/strong><strong>FI10 8000 1000 3591 59 <\/strong><br \/><strong>SWIFT-BIC DABAFIHH<\/strong><\/p>\n<p>[\/et_pb_text][\/et_pb_column][\/et_pb_row][et_pb_row column_structure=&#8221;1_3,1_3,1_3&#8243; _builder_version=&#8221;4.16&#8243; _module_preset=&#8221;default&#8221; global_colors_info=&#8221;{}&#8221;][et_pb_column type=&#8221;1_3&#8243; _builder_version=&#8221;4.16&#8243; _module_preset=&#8221;default&#8221; global_colors_info=&#8221;{}&#8221;][et_pb_blurb title=&#8221;J\u00e4seneksi&#8221; use_icon=&#8221;on&#8221; font_icon=&#8221;&#xe08b;||divi||400&#8243; icon_color=&#8221;#e02b20&#8243; title_tablet=&#8221;&#8221; title_phone=&#8221;&#8221; title_last_edited=&#8221;on|desktop&#8221; _builder_version=&#8221;4.16&#8243; _module_preset=&#8221;default&#8221; header_font=&#8221;Staatliches||||||||&#8221; header_text_align=&#8221;center&#8221; body_text_align=&#8221;justify&#8221; text_orientation=&#8221;center&#8221; custom_padding=&#8221;0px||||false|false&#8221; global_colors_info=&#8221;{}&#8221; title__hover_enabled=&#8221;on|desktop&#8221; title__hover=&#8221;J\u00e4seneksi&#8221;]<\/p>\n<p style=\"text-align: left;\">J\u00e4seni\u00e4 yhdistyksess\u00e4mme on noin 1000. J\u00e4seneksi p\u00e4\u00e4set l\u00e4hett\u00e4m\u00e4ll\u00e4 liittymishakemuksen Liity j\u00e4seneksi -sivuston kautta. J\u00e4senlehden lis\u00e4ksi j\u00e4rjest\u00e4mme j\u00e4senillemme erilaisia tapahtumia pitkin vuotta.<\/p>\n<p>[\/et_pb_blurb][\/et_pb_column][et_pb_column type=&#8221;1_3&#8243; _builder_version=&#8221;4.16&#8243; _module_preset=&#8221;default&#8221; global_colors_info=&#8221;{}&#8221;][et_pb_blurb title=&#8221;Ota yhteytt\u00e4&#8221; use_icon=&#8221;on&#8221; font_icon=&#8221;&#xe087;||divi||400&#8243; icon_color=&#8221;#e02b20&#8243; _builder_version=&#8221;4.16&#8243; _module_preset=&#8221;default&#8221; header_font=&#8221;Staatliches||||||||&#8221; header_text_align=&#8221;center&#8221; global_colors_info=&#8221;{}&#8221;]<\/p>\n<p>Yhteystiedot l\u00f6yd\u00e4t Hallitus- ja toimikunnat -sivustolta.<\/p>\n<p>[\/et_pb_blurb][\/et_pb_column][et_pb_column type=&#8221;1_3&#8243; _builder_version=&#8221;4.16&#8243; _module_preset=&#8221;default&#8221; global_colors_info=&#8221;{}&#8221;][et_pb_blurb title=&#8221;Seuraa meit\u00e4 Facebookissa&#8221; use_icon=&#8221;on&#8221; font_icon=&#8221;&#xe093;||divi||400&#8243; icon_color=&#8221;#e02b20&#8243; _builder_version=&#8221;4.16&#8243; _module_preset=&#8221;default&#8221; header_font=&#8221;Staatliches||||||||&#8221; header_text_align=&#8221;center&#8221; global_colors_info=&#8221;{}&#8221;]<\/p>\n<p>Yhdistyksen Facebook -sivujen kautta pysyt varmasti ajan tasalla kaikesta!<\/p>\n<p>[\/et_pb_blurb][\/et_pb_column][\/et_pb_row][\/et_pb_section]<\/p>\n","protected":false},"excerpt":{"rendered":"<p>Suomen Norwichin- ja Norfolkinterrierit r.y. perustettiin vuonna 1986. Yhdistys on ollut Suomen Terrierij\u00e4rjest\u00f6n j\u00e4sen vuodesta 1988 ja Rotua Harrastava yhdistys vuodesta 1991. Vuonna 1997 Suomen Kennelliitto my\u00f6nsi kerholle rotuj\u00e4rjest\u00f6n aseman.\u00a0 Perustamisvuotta seuraavana vuonna ilmestyi ensimm\u00e4inen Norwich-Norfolk \u2013lehti. Seuraavana vuonna ilmestyi jo kaksi numeroa ja vuodesta 1992 eteenp\u00e4in lehti ilmestyi nelj\u00e4 kertaa vuodessa. Vuonna 1994 lehden [&hellip;]<\/p>\n","protected":false},"author":1,"featured_media":0,"parent":0,"menu_order":0,"comment_status":"closed","ping_status":"closed","template":"","meta":{"_et_pb_use_builder":"on","_et_pb_old_content":"","_et_gb_content_width":"","footnotes":""},"class_list":["post-22","page","type-page","status-publish","hentry"],"yoast_head":"<!-- This site is optimized with the Yoast SEO plugin v25.5 - https:\/\/yoast.com\/wordpress\/plugins\/seo\/ -->\n<title>Yhdistyksest\u00e4 - Suomen Norwichin- ja Norfolkinterrierit ry<\/title>\n<meta name=\"robots\" content=\"index, follow, max-snippet:-1, max-image-preview:large, max-video-preview:-1\" \/>\n<link rel=\"canonical\" href=\"https:\/\/www.nnterrierit.fi\/?page_id=22\" \/>\n<meta property=\"og:locale\" content=\"en_US\" \/>\n<meta property=\"og:type\" content=\"article\" \/>\n<meta property=\"og:title\" content=\"Yhdistyksest\u00e4 - Suomen Norwichin- ja Norfolkinterrierit ry\" \/>\n<meta property=\"og:description\" content=\"Suomen Norwichin- ja Norfolkinterrierit r.y. perustettiin vuonna 1986. Yhdistys on ollut Suomen Terrierij\u00e4rjest\u00f6n j\u00e4sen vuodesta 1988 ja Rotua Harrastava yhdistys vuodesta 1991. Vuonna 1997 Suomen Kennelliitto my\u00f6nsi kerholle rotuj\u00e4rjest\u00f6n aseman.\u00a0 Perustamisvuotta seuraavana vuonna ilmestyi ensimm\u00e4inen Norwich-Norfolk \u2013lehti. Seuraavana vuonna ilmestyi jo kaksi numeroa ja vuodesta 1992 eteenp\u00e4in lehti ilmestyi nelj\u00e4 kertaa vuodessa. Vuonna 1994 lehden [&hellip;]\" \/>\n<meta property=\"og:url\" content=\"https:\/\/www.nnterrierit.fi\/?page_id=22\" \/>\n<meta property=\"og:site_name\" content=\"Suomen Norwichin- ja Norfolkinterrierit ry\" \/>\n<meta property=\"article:modified_time\" content=\"2025-12-30T13:09:02+00:00\" \/>\n<meta name=\"twitter:card\" content=\"summary_large_image\" \/>\n<meta name=\"twitter:label1\" content=\"Est. reading time\" \/>\n\t<meta name=\"twitter:data1\" content=\"4 minutes\" \/>\n<script type=\"application\/ld+json\" class=\"yoast-schema-graph\">{\"@context\":\"https:\/\/schema.org\",\"@graph\":[{\"@type\":\"WebPage\",\"@id\":\"https:\/\/www.nnterrierit.fi\/?page_id=22\",\"url\":\"https:\/\/www.nnterrierit.fi\/?page_id=22\",\"name\":\"Yhdistyksest\u00e4 - Suomen Norwichin- ja Norfolkinterrierit ry\",\"isPartOf\":{\"@id\":\"https:\/\/www.nnterrierit.fi\/#website\"},\"datePublished\":\"2020-11-29T11:01:12+00:00\",\"dateModified\":\"2025-12-30T13:09:02+00:00\",\"breadcrumb\":{\"@id\":\"https:\/\/www.nnterrierit.fi\/?page_id=22#breadcrumb\"},\"inLanguage\":\"en\",\"potentialAction\":[{\"@type\":\"ReadAction\",\"target\":[\"https:\/\/www.nnterrierit.fi\/?page_id=22\"]}]},{\"@type\":\"BreadcrumbList\",\"@id\":\"https:\/\/www.nnterrierit.fi\/?page_id=22#breadcrumb\",\"itemListElement\":[{\"@type\":\"ListItem\",\"position\":1,\"name\":\"Home\",\"item\":\"https:\/\/www.nnterrierit.fi\/\"},{\"@type\":\"ListItem\",\"position\":2,\"name\":\"Yhdistyksest\u00e4\"}]},{\"@type\":\"WebSite\",\"@id\":\"https:\/\/www.nnterrierit.fi\/#website\",\"url\":\"https:\/\/www.nnterrierit.fi\/\",\"name\":\"Suomen Norwichin- ja Norfolkinterrierit ry\",\"description\":\"\",\"potentialAction\":[{\"@type\":\"SearchAction\",\"target\":{\"@type\":\"EntryPoint\",\"urlTemplate\":\"https:\/\/www.nnterrierit.fi\/?s={search_term_string}\"},\"query-input\":{\"@type\":\"PropertyValueSpecification\",\"valueRequired\":true,\"valueName\":\"search_term_string\"}}],\"inLanguage\":\"en\"}]}<\/script>\n<!-- \/ Yoast SEO plugin. -->","yoast_head_json":{"title":"Yhdistyksest\u00e4 - Suomen Norwichin- ja Norfolkinterrierit ry","robots":{"index":"index","follow":"follow","max-snippet":"max-snippet:-1","max-image-preview":"max-image-preview:large","max-video-preview":"max-video-preview:-1"},"canonical":"https:\/\/www.nnterrierit.fi\/?page_id=22","og_locale":"en_US","og_type":"article","og_title":"Yhdistyksest\u00e4 - Suomen Norwichin- ja Norfolkinterrierit ry","og_description":"Suomen Norwichin- ja Norfolkinterrierit r.y. perustettiin vuonna 1986. Yhdistys on ollut Suomen Terrierij\u00e4rjest\u00f6n j\u00e4sen vuodesta 1988 ja Rotua Harrastava yhdistys vuodesta 1991. Vuonna 1997 Suomen Kennelliitto my\u00f6nsi kerholle rotuj\u00e4rjest\u00f6n aseman.\u00a0 Perustamisvuotta seuraavana vuonna ilmestyi ensimm\u00e4inen Norwich-Norfolk \u2013lehti. Seuraavana vuonna ilmestyi jo kaksi numeroa ja vuodesta 1992 eteenp\u00e4in lehti ilmestyi nelj\u00e4 kertaa vuodessa. Vuonna 1994 lehden [&hellip;]","og_url":"https:\/\/www.nnterrierit.fi\/?page_id=22","og_site_name":"Suomen Norwichin- ja Norfolkinterrierit ry","article_modified_time":"2025-12-30T13:09:02+00:00","twitter_card":"summary_large_image","twitter_misc":{"Est. reading time":"4 minutes"},"schema":{"@context":"https:\/\/schema.org","@graph":[{"@type":"WebPage","@id":"https:\/\/www.nnterrierit.fi\/?page_id=22","url":"https:\/\/www.nnterrierit.fi\/?page_id=22","name":"Yhdistyksest\u00e4 - Suomen Norwichin- ja Norfolkinterrierit ry","isPartOf":{"@id":"https:\/\/www.nnterrierit.fi\/#website"},"datePublished":"2020-11-29T11:01:12+00:00","dateModified":"2025-12-30T13:09:02+00:00","breadcrumb":{"@id":"https:\/\/www.nnterrierit.fi\/?page_id=22#breadcrumb"},"inLanguage":"en","potentialAction":[{"@type":"ReadAction","target":["https:\/\/www.nnterrierit.fi\/?page_id=22"]}]},{"@type":"BreadcrumbList","@id":"https:\/\/www.nnterrierit.fi\/?page_id=22#breadcrumb","itemListElement":[{"@type":"ListItem","position":1,"name":"Home","item":"https:\/\/www.nnterrierit.fi\/"},{"@type":"ListItem","position":2,"name":"Yhdistyksest\u00e4"}]},{"@type":"WebSite","@id":"https:\/\/www.nnterrierit.fi\/#website","url":"https:\/\/www.nnterrierit.fi\/","name":"Suomen Norwichin- ja Norfolkinterrierit ry","description":"","potentialAction":[{"@type":"SearchAction","target":{"@type":"EntryPoint","urlTemplate":"https:\/\/www.nnterrierit.fi\/?s={search_term_string}"},"query-input":{"@type":"PropertyValueSpecification","valueRequired":true,"valueName":"search_term_string"}}],"inLanguage":"en"}]}},"_links":{"self":[{"href":"https:\/\/www.nnterrierit.fi\/index.php?rest_route=\/wp\/v2\/pages\/22","targetHints":{"allow":["GET"]}}],"collection":[{"href":"https:\/\/www.nnterrierit.fi\/index.php?rest_route=\/wp\/v2\/pages"}],"about":[{"href":"https:\/\/www.nnterrierit.fi\/index.php?rest_route=\/wp\/v2\/types\/page"}],"author":[{"embeddable":true,"href":"https:\/\/www.nnterrierit.fi\/index.php?rest_route=\/wp\/v2\/users\/1"}],"replies":[{"embeddable":true,"href":"https:\/\/www.nnterrierit.fi\/index.php?rest_route=%2Fwp%2Fv2%2Fcomments&post=22"}],"version-history":[{"count":18,"href":"https:\/\/www.nnterrierit.fi\/index.php?rest_route=\/wp\/v2\/pages\/22\/revisions"}],"predecessor-version":[{"id":2009,"href":"https:\/\/www.nnterrierit.fi\/index.php?rest_route=\/wp\/v2\/pages\/22\/revisions\/2009"}],"wp:attachment":[{"href":"https:\/\/www.nnterrierit.fi\/index.php?rest_route=%2Fwp%2Fv2%2Fmedia&parent=22"}],"curies":[{"name":"wp","href":"https:\/\/api.w.org\/{rel}","templated":true}]}}