{"id":151,"date":"2020-11-29T20:01:20","date_gmt":"2020-11-29T20:01:20","guid":{"rendered":"http:\/\/wp5.louhi.net\/~nnterrie\/?page_id=151"},"modified":"2025-04-14T18:17:27","modified_gmt":"2025-04-14T18:17:27","slug":"kunniamerkit","status":"publish","type":"page","link":"https:\/\/www.nnterrierit.fi\/?page_id=151","title":{"rendered":"Kunniamerkit"},"content":{"rendered":"<p>[et_pb_section fb_built=&#8221;1&#8243; fullwidth=&#8221;on&#8221; _builder_version=&#8221;4.16&#8243; _module_preset=&#8221;default&#8221; background_image=&#8221;http:\/\/wp5.louhi.net\/~nnterrie\/wp-content\/uploads\/2021\/02\/image00037.jpeg&#8221; parallax=&#8221;on&#8221; global_colors_info=&#8221;{}&#8221;][et_pb_fullwidth_header title=&#8221;Ansiomerkit&#8221; _builder_version=&#8221;4.16&#8243; _module_preset=&#8221;default&#8221; title_font=&#8221;Staatliches||||||||&#8221; title_font_size=&#8221;43px&#8221; content_font=&#8221;Open Sans||||||||&#8221; content_font_size=&#8221;23px&#8221; background_color=&#8221;#8f8f8f&#8221; background_image=&#8221;http:\/\/wp5.louhi.net\/~nnterrie\/wp-content\/uploads\/2021\/02\/image00037.jpeg&#8221; height=&#8221;700px&#8221; height_tablet=&#8221;600px&#8221; height_phone=&#8221;600px&#8221; height_last_edited=&#8221;on|desktop&#8221; custom_margin=&#8221;-100px||0px||false|false&#8221; custom_margin_tablet=&#8221;0px||||false|false&#8221; custom_margin_phone=&#8221;0px||||false|false&#8221; custom_margin_last_edited=&#8221;on|tablet&#8221; custom_padding=&#8221;300px||||false|false&#8221; custom_padding_tablet=&#8221;174px||||false|false&#8221; custom_padding_phone=&#8221;120px||||false|false&#8221; custom_padding_last_edited=&#8221;on|desktop&#8221; global_colors_info=&#8221;{}&#8221;]<\/p>\n<p>Yhdistys my\u00f6nt\u00e4\u00e4 ansiomerkkej\u00e4 ansioituneille kasvattajille ja yhdistyksen eteen toimineille henkil\u00f6ille. Ansiomerkkej\u00e4 on my\u00f6nnetty vuodesta 2006 l\u00e4htien.<\/p>\n<p>[\/et_pb_fullwidth_header][\/et_pb_section][et_pb_section fb_built=&#8221;1&#8243; _builder_version=&#8221;4.16&#8243; _module_preset=&#8221;default&#8221; global_colors_info=&#8221;{}&#8221;][et_pb_row column_structure=&#8221;1_2,1_2&#8243; use_custom_gutter=&#8221;on&#8221; gutter_width=&#8221;1&#8243; _builder_version=&#8221;4.16&#8243; _module_preset=&#8221;default&#8221; width=&#8221;60%&#8221; custom_margin=&#8221;-15px||0px||false|false&#8221; custom_padding=&#8221;0px|0px|0px|0px|false|false&#8221; global_colors_info=&#8221;{}&#8221;][et_pb_column type=&#8221;1_2&#8243; _builder_version=&#8221;4.16&#8243; _module_preset=&#8221;default&#8221; global_colors_info=&#8221;{}&#8221;][et_pb_text content_tablet=&#8221;<\/p>\n<h1 style=%22text-align: center;%22>Kasvattajaplaketit<\/h1>\n<p>&nbsp;<\/p>\n<h1 style=%22text-align: center;%22>Norfolkinterrieri<\/h1>\n<h5 style=%22text-align: center;%22>2006<\/h5>\n<p style=%22text-align: center;%22>of Woodhill, Kirsti Bremer<br \/>Gainsay, P\u00e4ivi Avotie<\/p>\n<h5 style=%22text-align: center;%22>2010<\/h5>\n<p style=%22text-align: center;%22>Catastrofe&#8217;s, Stina Selen<br \/>Heilurih\u00e4nn\u00e4n, Kirsi ja Asko Nieminen<br \/>Mainly, Mari Taipale<br \/>Nanstop, Nan Salminen<br \/>Porrigito, Marja ja Kari Salminen<br \/>Ranpiin, Tapio Ranta<\/p>\n<h5 style=%22text-align: center;%22>2015<\/h5>\n<p style=%22text-align: center;%22>Donut&#8217;s, Piia Saarela<\/p>\n<h5 style=%22text-align: center;%22>2023<\/h5>\n<p style=%22text-align: center;%22>Hooligan, Arja Koskelo &amp; Sari Juuti<\/p>\n<h5 style=%22text-align: center;%22>2025<\/h5>\n<p style=%22text-align: center;%22>Karloon, Tanja Seiloo &amp; Ira Karvo<\/p>\n<h1 style=%22text-align: center;%22>Norwichinterrieri<\/h1>\n<h5 style=%22text-align: center;%22><\/h5>\n<h5 style=%22text-align: center;%22><\/h5>\n<h5 style=%22text-align: center;%22>2006<\/h5>\n<p style=%22text-align: center;%22>Black Spot, Gitta Ringwall<br \/>Norlech, Pirkko Lepaus<br \/>Dawich, Anita Viher\u00e4<\/p>\n<h5 style=%22text-align: center;%22>2010<\/h5>\n<p style=%22text-align: center;%22>Fantabulous, Kaarina ja Paula Valakari<br \/>Myrskytuuli, Ritva ja Jouko Leino<br \/>Nanstop, Nan Salminen<br \/>North Witch, Sanna Kokkonen<br \/>Patchwork, Ulla Gr\u00f6nlund<br \/>Porrigito, Marja Kari Salminen<br \/>Ranpiin, Tapio Ranta<br \/>Rivale, Johan Juslin<br \/>Ry\u00f6v\u00e4rintytt\u00e4ren, Valpuri Patokorpi<\/p>\n<h5 style=%22text-align: center;%22>2015<\/h5>\n<p style=%22text-align: center;%22>Haxian, Hanna Hellsten<br \/>Lillanor, Arja Litmanen<br \/>Teiwick, Raija Teir<\/p>\n<h5 style=%22text-align: center;%22>2023<\/h5>\n<p style=%22text-align: center;%22>Marwichin, Maritta Palmroos<br \/>Norwestsko, Marjatta Moisander &amp; P\u00e4ivi Vil\u00e9n<\/p>\n<h5 style=%22text-align: center;%22>2025<\/h5>\n<p style=%22text-align: center;%22>Fatale, Leena Kaltiainen<br \/>Sirakkaan, Anita Lehtonen ja Emma Laiho<\/p>\n<p>&#8221; content_phone=&#8221;<\/p>\n<h1 style=%22text-align: center;%22>Kasvattaja-plaketit<\/h1>\n<p>&nbsp;<\/p>\n<h1 style=%22text-align: center;%22>Norfolkinterrieri<\/h1>\n<h5 style=%22text-align: center;%22>2006<\/h5>\n<p style=%22text-align: center;%22>of Woodhill, Kirsti Bremer<br \/>Gainsay, P\u00e4ivi Avotie<\/p>\n<h5 style=%22text-align: center;%22>2010<\/h5>\n<p style=%22text-align: center;%22>Catastrofe&#8217;s, Stina Selen<br \/>Heilurih\u00e4nn\u00e4n, Kirsi ja Asko Nieminen<br \/>Mainly, Mari Taipale<br \/>Nanstop, Nan Salminen<br \/>Porrigito, Marja ja Kari Salminen<br \/>Ranpiin, Tapio Ranta<\/p>\n<h5 style=%22text-align: center;%22>2015<\/h5>\n<p style=%22text-align: center;%22>Donut&#8217;s, Piia Saarela<\/p>\n<h5 style=%22text-align: center;%22>2023<\/h5>\n<p style=%22text-align: center;%22>Hooligan, Arja Koskelo &amp; Sari Juuti<\/p>\n<h5 style=%22text-align: center;%22>2025<\/h5>\n<p style=%22text-align: center;%22>Karloon, Tanja Seiloo &amp; Ira Karvo<\/p>\n<h1 style=%22text-align: center;%22>Norwichinterrieri<\/h1>\n<h5 style=%22text-align: center;%22><\/h5>\n<h5 style=%22text-align: center;%22><\/h5>\n<h5 style=%22text-align: center;%22>2006<\/h5>\n<p style=%22text-align: center;%22>Black Spot, Gitta Ringwall<br \/>Norlech, Pirkko Lepaus<br \/>Dawich, Anita Viher\u00e4<\/p>\n<h5 style=%22text-align: center;%22>2010<\/h5>\n<p style=%22text-align: center;%22>Fantabulous, Kaarina ja Paula Valakari<br \/>Myrskytuuli, Ritva ja Jouko Leino<br \/>Nanstop, Nan Salminen<br \/>North Witch, Sanna Kokkonen<br \/>Patchwork, Ulla Gr\u00f6nlund<br \/>Porrigito, Marja Kari Salminen<br \/>Ranpiin, Tapio Ranta<br \/>Rivale, Johan Juslin<br \/>Ry\u00f6v\u00e4rintytt\u00e4ren, Valpuri Patokorpi<\/p>\n<h5 style=%22text-align: center;%22>2015<\/h5>\n<p style=%22text-align: center;%22>Haxian, Hanna Hellsten<br \/>Lillanor, Arja Litmanen<br \/>Teiwick, Raija Teir<\/p>\n<h5 style=%22text-align: center;%22>2023<\/h5>\n<p style=%22text-align: center;%22>Marwichin, Maritta Palmroos<br \/>Norwestsko, Marjatta Moisander &amp; P\u00e4ivi Vil\u00e9n<\/p>\n<h5 style=%22text-align: center;%22>2025<\/h5>\n<p style=%22text-align: center;%22>Fatale, Leena Kaltiainen<br \/>Sirakkaan, Anita Lehtonen ja Emma Laiho<\/p>\n<p>&#8221; content_last_edited=&#8221;on|phone&#8221; _builder_version=&#8221;4.27.4&#8243; _module_preset=&#8221;default&#8221; text_font_size=&#8221;17px&#8221; header_font=&#8221;Staatliches||||||||&#8221; background_color=&#8221;#d6d6d6&#8243; custom_margin=&#8221;0px|50px|-15px|50px|false|true&#8221; custom_margin_tablet=&#8221;|-30px||-30px|false|true&#8221; custom_margin_phone=&#8221;&#8221; custom_margin_last_edited=&#8221;on|desktop&#8221; custom_padding=&#8221;10px|40px|10px|40px|true|true&#8221; hover_enabled=&#8221;0&#8243; border_radii=&#8221;on|10px|10px|10px|10px&#8221; global_colors_info=&#8221;{}&#8221; sticky_enabled=&#8221;0&#8243;]<\/p>\n<h1 style=\"text-align: center;\">Kasvattaja-plaketit<\/h1>\n<p>&nbsp;<\/p>\n<h1 style=\"text-align: center;\">Norfolkinterrieri<\/h1>\n<p>&nbsp;<\/p>\n<h5 style=\"text-align: center;\">2006<\/h5>\n<p style=\"text-align: center;\">of Woodhill, Kirsti Bremer<br \/>Gainsay, P\u00e4ivi Avotie<\/p>\n<h5 style=\"text-align: center;\">2010<\/h5>\n<p style=\"text-align: center;\">Catastrofe&#8217;s, Stina Selen<br \/>Heilurih\u00e4nn\u00e4n, Kirsi ja Asko Nieminen<br \/>Mainly, Mari Taipale<br \/>Nanstop, Nan Salminen<br \/>Porrigito, Marja ja Kari Salminen<br \/>Ranpiin, Tapio Ranta<\/p>\n<h5 style=\"text-align: center;\">2015<\/h5>\n<p style=\"text-align: center;\">Donut&#8217;s, Piia Saarela<\/p>\n<h5 style=\"text-align: center;\">2023<\/h5>\n<p style=\"text-align: center;\">Hooligan, Arja Koskelo &amp; Sari Juuti<\/p>\n<h5 style=\"text-align: center;\">2025<\/h5>\n<p style=\"text-align: center;\">Karloon, Tanja Seiloo &amp; Ira Karvo<\/p>\n<h1 style=\"text-align: center;\">Norwichinterrieri<\/h1>\n<h5 style=\"text-align: center;\"><\/h5>\n<h5 style=\"text-align: center;\"><\/h5>\n<h5 style=\"text-align: center;\">2006<\/h5>\n<p style=\"text-align: center;\">Black Spot, Gitta Ringwall<br \/>Norlech, Pirkko Lepaus<br \/>Dawich, Anita Viher\u00e4<\/p>\n<h5 style=\"text-align: center;\">2010<\/h5>\n<p style=\"text-align: center;\">Fantabulous, Kaarina ja Paula Valakari<br \/>Myrskytuuli, Ritva ja Jouko Leino<br \/>Nanstop, Nan Salminen<br \/>North Witch, Sanna Kokkonen<br \/>Patchwork, Ulla Gr\u00f6nlund<br \/>Porrigito, Marja Kari Salminen<br \/>Ranpiin, Tapio Ranta<br \/>Rivale, Johan Juslin<br \/>Ry\u00f6v\u00e4rintytt\u00e4ren, Valpuri Patokorpi<\/p>\n<h5 style=\"text-align: center;\">2015<\/h5>\n<p style=\"text-align: center;\">Haxian, Hanna Hellsten<br \/>Lillanor, Arja Litmanen<br \/>Teiwick, Raija Teir<\/p>\n<h5 style=\"text-align: center;\">2023<\/h5>\n<p style=\"text-align: center;\">Marwichin, Maritta Palmroos<br \/>Norwestsko, Marjatta Moisander &amp; P\u00e4ivi Vil\u00e9n<\/p>\n<h5 style=\"text-align: center;\">2025<\/h5>\n<p style=\"text-align: center;\">Fatale, Leena Kaltiainen<br \/>Sirakkaan, Anita Lehtonen ja Emma Laiho<\/p>\n<p style=\"text-align: center;\">[\/et_pb_text][\/et_pb_column][et_pb_column type=&#8221;1_2&#8243; _builder_version=&#8221;4.16&#8243; _module_preset=&#8221;default&#8221; global_colors_info=&#8221;{}&#8221;][et_pb_text content_tablet=&#8221;<\/p>\n<h1>Kultainen ansiomerkki<\/h1>\n<h5 style=%22text-align: center;%22>2010<\/h5>\n<p style=%22text-align: center;%22>Johan Juslin<br \/>Ulla Gr\u00f6nlund<br \/>Matti Luoso<br \/>Mari Taipale<\/p>\n<h5 style=%22text-align: center;%22>2011<\/h5>\n<p style=%22text-align: center;%22>Kari Salminen<\/p>\n<h5 style=%22text-align: center;%22>2013<\/h5>\n<p style=%22text-align: center;%22>Ritva Leino<\/p>\n<h5 style=%22text-align: center;%22>2016<\/h5>\n<p style=%22text-align: center;%22>Sanna Kokkonen<br \/>Kirsi Nieminen<br \/>Marja Salminen<br \/>Paula Valakari<\/p>\n<h5 style=%22text-align: center;%22>2016<\/h5>\n<p style=%22text-align: center;%22>Leena Kaltiainen<\/p>\n<p>&#8221; content_phone=&#8221;<\/p>\n<h1>Kultainen ansiomerkki<\/h1>\n<h5 style=%22text-align: center;%22>2010<\/h5>\n<p style=%22text-align: center;%22>Johan Juslin<br \/>Ulla Gr\u00f6nlund<br \/>Matti Luoso<br \/>Mari Taipale<\/p>\n<h5 style=%22text-align: center;%22>2011<\/h5>\n<p style=%22text-align: center;%22>Kari Salminen<\/p>\n<h5 style=%22text-align: center;%22>2013<\/h5>\n<p style=%22text-align: center;%22>Ritva Leino<\/p>\n<h5 style=%22text-align: center;%22>2016<\/h5>\n<p style=%22text-align: center;%22>Sanna Kokkonen<br \/>Kirsi Nieminen<br \/>Marja Salminen<br \/>Paula Valakari<\/p>\n<h5 style=%22text-align: center;%22>2023<\/h5>\n<p style=%22text-align: center;%22>Leena Kaltiainen<\/p>\n<p>&#8221; content_last_edited=&#8221;on|desktop&#8221; _builder_version=&#8221;4.20.0&#8243; _module_preset=&#8221;default&#8221; text_font_size=&#8221;17px&#8221; header_font=&#8221;Staatliches||||||||&#8221; header_text_align=&#8221;center&#8221; background_color=&#8221;#d6d6d6&#8243; custom_margin=&#8221;0px|50px|0px|50px|true|false&#8221; custom_margin_tablet=&#8221;|-30px||-30px|true|true&#8221; custom_margin_phone=&#8221;31px||||false|false&#8221; custom_margin_last_edited=&#8221;on|desktop&#8221; custom_padding=&#8221;10px|40px|10px|40px|false|false&#8221; hover_enabled=&#8221;0&#8243; border_radii=&#8221;on|10px|10px|10px|10px&#8221; global_colors_info=&#8221;{}&#8221; sticky_enabled=&#8221;0&#8243;]<\/p>\n<h1>Kultainen ansiomerkki<\/h1>\n<h5 style=\"text-align: center;\">2010<\/h5>\n<p style=\"text-align: center;\">Johan Juslin<br \/>Ulla Gr\u00f6nlund<br \/>Matti Luoso<br \/>Mari Taipale<\/p>\n<h5 style=\"text-align: center;\">2011<\/h5>\n<p style=\"text-align: center;\">Kari Salminen<\/p>\n<h5 style=\"text-align: center;\">2013<\/h5>\n<p style=\"text-align: center;\">Ritva Leino<\/p>\n<h5 style=\"text-align: center;\">2016<\/h5>\n<p style=\"text-align: center;\">Sanna Kokkonen<br \/>Kirsi Nieminen<br \/>Marja Salminen<br \/>Paula Valakari<\/p>\n<h5 style=\"text-align: center;\">2023<\/h5>\n<p style=\"text-align: center;\">Leena Kaltiainen<\/p>\n<p>[\/et_pb_text][et_pb_text _builder_version=&#8221;4.27.4&#8243; _module_preset=&#8221;default&#8221; text_font_size=&#8221;17px&#8221; header_font=&#8221;Staatliches||||||||&#8221; background_color=&#8221;#d6d6d6&#8243; custom_margin=&#8221;15px|50px|15px|50px|false|true&#8221; custom_margin_tablet=&#8221;|-30px||-30px|false|true&#8221; custom_margin_phone=&#8221;&#8221; custom_margin_last_edited=&#8221;on|desktop&#8221; custom_padding=&#8221;10px|40px|10px|40px|false|false&#8221; hover_enabled=&#8221;0&#8243; border_radii=&#8221;on|10px|10px|10px|10px&#8221; global_colors_info=&#8221;{}&#8221; sticky_enabled=&#8221;0&#8243; content_last_edited=&#8221;on|desktop&#8221; content_tablet=&#8221;<\/p>\n<h1 style=%22text-align: center;%22>Hopeinen ansiomerkki<\/h1>\n<h5 style=%22text-align: center;%22>2006<\/h5>\n<p style=%22text-align: center;%22>Johan Juslin<br \/>Ulla Gr\u00f6nlund<br \/>Matti Luoso<br \/>Mari Taipale<br \/>Kari Salminen<br \/>Kirsi Nieminen<\/p>\n<h5 style=%22text-align: center;%22>2010<\/h5>\n<p style=%22text-align: center;%22>Sanna Kokkonen<br \/>Arja Litmanen<br \/>Marja Salminen<br \/>Paula Valakari<\/p>\n<h5 style=%22text-align: center;%22>2016<\/h5>\n<p style=%22text-align: center;%22>Kati Dillard<br \/>Leena Kaltiainen<br \/>Kirsi Pusin<\/p>\n<h5 style=%22text-align: center;%22>2020<\/h5>\n<p style=%22text-align: center;%22>Anita Lehtonen<\/p>\n<h5 style=%22text-align: center;%22>2023<\/h5>\n<p style=%22text-align: center;%22>Sari Piril\u00e4<br \/>Tanja Seiloo<br \/>Maija Soini<br \/>Helene Vanninen<br \/>Merja V\u00e4lim\u00e4ki<\/p>\n<h5 style=%22text-align: center;%22>2025<\/h5>\n<p style=%22text-align: center;%22>Saija Laine<br \/>Ira Karvo<\/p>\n<p style=%22text-align: center;%22>&#8221; content_phone=&#8221;<\/p>\n<h1 style=%22text-align: center;%22>Hopeinen ansiomerkki<\/h1>\n<h5 style=%22text-align: center;%22>2006<\/h5>\n<p style=%22text-align: center;%22>Johan Juslin<br \/>Ulla Gr\u00f6nlund<br \/>Matti Luoso<br \/>Mari Taipale<br \/>Kari Salminen<br \/>Kirsi Nieminen<\/p>\n<h5 style=%22text-align: center;%22>2010<\/h5>\n<p style=%22text-align: center;%22>Sanna Kokkonen<br \/>Arja Litmanen<br \/>Marja Salminen<br \/>Paula Valakari<\/p>\n<h5 style=%22text-align: center;%22>2016<\/h5>\n<p style=%22text-align: center;%22>Kati Dillard<br \/>Leena Kaltiainen<br \/>Kirsi Pusin<\/p>\n<h5 style=%22text-align: center;%22>2020<\/h5>\n<p style=%22text-align: center;%22>Anita Lehtonen<\/p>\n<h5 style=%22text-align: center;%22>2023<\/h5>\n<p style=%22text-align: center;%22>Sari Piril\u00e4<br \/>Tanja Seiloo<br \/>Maija Soini<br \/>Helene Vanninen<br \/>Merja V\u00e4lim\u00e4ki<\/p>\n<h5 style=%22text-align: center;%22>2025<\/h5>\n<p style=%22text-align: center;%22>Saija Laine<br \/>Ira Karvo<\/p>\n<p style=%22text-align: center;%22>&#8220;]<\/p>\n<h1 style=\"text-align: center;\">Hopeinen ansiomerkki<\/h1>\n<h5 style=\"text-align: center;\">2006<\/h5>\n<p style=\"text-align: center;\">Johan Juslin<br \/>Ulla Gr\u00f6nlund<br \/>Matti Luoso<br \/>Mari Taipale<br \/>Kari Salminen<br \/>Kirsi Nieminen<\/p>\n<h5 style=\"text-align: center;\">2010<\/h5>\n<p style=\"text-align: center;\">Sanna Kokkonen<br \/>Arja Litmanen<br \/>Marja Salminen<br \/>Paula Valakari<\/p>\n<h5 style=\"text-align: center;\">2016<\/h5>\n<p style=\"text-align: center;\">Kati Dillard<br \/>Leena Kaltiainen<br \/>Kirsi Pusin<\/p>\n<h5 style=\"text-align: center;\">2020<\/h5>\n<p style=\"text-align: center;\">Anita Lehtonen<\/p>\n<h5 style=\"text-align: center;\">2023<\/h5>\n<p style=\"text-align: center;\">Sari Piril\u00e4<br \/>Tanja Seiloo<br \/>Maija Soini<br \/>Helene Vanninen<br \/>Merja V\u00e4lim\u00e4ki<\/p>\n<h5 style=\"text-align: center;\">2025<\/h5>\n<p style=\"text-align: center;\">Saija Laine<br \/>Ira Karvo<\/p>\n<p style=\"text-align: center;\">[\/et_pb_text][et_pb_text _builder_version=&#8221;4.16&#8243; _module_preset=&#8221;default&#8221; text_font_size=&#8221;17px&#8221; header_font=&#8221;Staatliches||||||||&#8221; background_color=&#8221;#d6d6d6&#8243; custom_margin=&#8221;15px|50px|15px|50px|false|true&#8221; custom_margin_tablet=&#8221;|-30px||-30px|false|true&#8221; custom_margin_phone=&#8221;&#8221; custom_margin_last_edited=&#8221;on|phone&#8221; custom_padding=&#8221;10px|40px|10px|40px|false|false&#8221; border_radii=&#8221;on|10px|10px|10px|10px&#8221; global_colors_info=&#8221;{}&#8221;]<\/p>\n<h1 style=\"text-align: center;\">Kunniaviiri<\/h1>\n<p style=\"text-align: center;\">\n<h5 style=\"text-align: center;\">2010<\/h5>\n<p style=\"text-align: center;\">Alf Andersson, Ruotsi<br \/> Helene Ericsson, Ruotsi<br \/> Kirsi Sainio<br \/> Sanna Kokkonen<\/p>\n<h5 style=\"text-align: center;\">2015<\/h5>\n<p style=\"text-align: center;\">Ulla Gr\u00f6nlund<\/p>\n<p>[\/et_pb_text][\/et_pb_column][\/et_pb_row][\/et_pb_section]<\/p>\n","protected":false},"excerpt":{"rendered":"<p>Yhdistys my\u00f6nt\u00e4\u00e4 ansiomerkkej\u00e4 ansioituneille kasvattajille ja yhdistyksen eteen toimineille henkil\u00f6ille. Ansiomerkkej\u00e4 on my\u00f6nnetty vuodesta 2006 l\u00e4htien.Kasvattaja-plaketit &nbsp; Norfolkinterrieri &nbsp; 2006 of Woodhill, Kirsti BremerGainsay, P\u00e4ivi Avotie 2010 Catastrofe&#8217;s, Stina SelenHeilurih\u00e4nn\u00e4n, Kirsi ja Asko NieminenMainly, Mari TaipaleNanstop, Nan SalminenPorrigito, Marja ja Kari SalminenRanpiin, Tapio Ranta 2015 Donut&#8217;s, Piia Saarela 2023 Hooligan, Arja Koskelo &amp; Sari Juuti [&hellip;]<\/p>\n","protected":false},"author":1,"featured_media":0,"parent":0,"menu_order":0,"comment_status":"closed","ping_status":"closed","template":"","meta":{"_et_pb_use_builder":"on","_et_pb_old_content":"","_et_gb_content_width":"","footnotes":""},"class_list":["post-151","page","type-page","status-publish","hentry"],"yoast_head":"<!-- This site is optimized with the Yoast SEO plugin v25.5 - https:\/\/yoast.com\/wordpress\/plugins\/seo\/ -->\n<title>Kunniamerkit - Suomen Norwichin- ja Norfolkinterrierit ry<\/title>\n<meta name=\"robots\" content=\"index, follow, max-snippet:-1, max-image-preview:large, max-video-preview:-1\" \/>\n<link rel=\"canonical\" href=\"https:\/\/www.nnterrierit.fi\/?page_id=151\" \/>\n<meta property=\"og:locale\" content=\"en_US\" \/>\n<meta property=\"og:type\" content=\"article\" \/>\n<meta property=\"og:title\" content=\"Kunniamerkit - Suomen Norwichin- ja Norfolkinterrierit ry\" \/>\n<meta property=\"og:description\" content=\"Yhdistys my\u00f6nt\u00e4\u00e4 ansiomerkkej\u00e4 ansioituneille kasvattajille ja yhdistyksen eteen toimineille henkil\u00f6ille. Ansiomerkkej\u00e4 on my\u00f6nnetty vuodesta 2006 l\u00e4htien.Kasvattaja-plaketit &nbsp; Norfolkinterrieri &nbsp; 2006 of Woodhill, Kirsti BremerGainsay, P\u00e4ivi Avotie 2010 Catastrofe&#039;s, Stina SelenHeilurih\u00e4nn\u00e4n, Kirsi ja Asko NieminenMainly, Mari TaipaleNanstop, Nan SalminenPorrigito, Marja ja Kari SalminenRanpiin, Tapio Ranta 2015 Donut&#039;s, Piia Saarela 2023 Hooligan, Arja Koskelo &amp; Sari Juuti [&hellip;]\" \/>\n<meta property=\"og:url\" content=\"https:\/\/www.nnterrierit.fi\/?page_id=151\" \/>\n<meta property=\"og:site_name\" content=\"Suomen Norwichin- ja Norfolkinterrierit ry\" \/>\n<meta property=\"article:modified_time\" content=\"2025-04-14T18:17:27+00:00\" \/>\n<meta name=\"twitter:card\" content=\"summary_large_image\" \/>\n<meta name=\"twitter:label1\" content=\"Est. reading time\" \/>\n\t<meta name=\"twitter:data1\" content=\"5 minutes\" \/>\n<script type=\"application\/ld+json\" class=\"yoast-schema-graph\">{\"@context\":\"https:\/\/schema.org\",\"@graph\":[{\"@type\":\"WebPage\",\"@id\":\"https:\/\/www.nnterrierit.fi\/?page_id=151\",\"url\":\"https:\/\/www.nnterrierit.fi\/?page_id=151\",\"name\":\"Kunniamerkit - Suomen Norwichin- ja Norfolkinterrierit ry\",\"isPartOf\":{\"@id\":\"https:\/\/www.nnterrierit.fi\/#website\"},\"datePublished\":\"2020-11-29T20:01:20+00:00\",\"dateModified\":\"2025-04-14T18:17:27+00:00\",\"breadcrumb\":{\"@id\":\"https:\/\/www.nnterrierit.fi\/?page_id=151#breadcrumb\"},\"inLanguage\":\"en\",\"potentialAction\":[{\"@type\":\"ReadAction\",\"target\":[\"https:\/\/www.nnterrierit.fi\/?page_id=151\"]}]},{\"@type\":\"BreadcrumbList\",\"@id\":\"https:\/\/www.nnterrierit.fi\/?page_id=151#breadcrumb\",\"itemListElement\":[{\"@type\":\"ListItem\",\"position\":1,\"name\":\"Home\",\"item\":\"https:\/\/www.nnterrierit.fi\/\"},{\"@type\":\"ListItem\",\"position\":2,\"name\":\"Kunniamerkit\"}]},{\"@type\":\"WebSite\",\"@id\":\"https:\/\/www.nnterrierit.fi\/#website\",\"url\":\"https:\/\/www.nnterrierit.fi\/\",\"name\":\"Suomen Norwichin- ja Norfolkinterrierit ry\",\"description\":\"\",\"potentialAction\":[{\"@type\":\"SearchAction\",\"target\":{\"@type\":\"EntryPoint\",\"urlTemplate\":\"https:\/\/www.nnterrierit.fi\/?s={search_term_string}\"},\"query-input\":{\"@type\":\"PropertyValueSpecification\",\"valueRequired\":true,\"valueName\":\"search_term_string\"}}],\"inLanguage\":\"en\"}]}<\/script>\n<!-- \/ Yoast SEO plugin. -->","yoast_head_json":{"title":"Kunniamerkit - Suomen Norwichin- ja Norfolkinterrierit ry","robots":{"index":"index","follow":"follow","max-snippet":"max-snippet:-1","max-image-preview":"max-image-preview:large","max-video-preview":"max-video-preview:-1"},"canonical":"https:\/\/www.nnterrierit.fi\/?page_id=151","og_locale":"en_US","og_type":"article","og_title":"Kunniamerkit - Suomen Norwichin- ja Norfolkinterrierit ry","og_description":"Yhdistys my\u00f6nt\u00e4\u00e4 ansiomerkkej\u00e4 ansioituneille kasvattajille ja yhdistyksen eteen toimineille henkil\u00f6ille. Ansiomerkkej\u00e4 on my\u00f6nnetty vuodesta 2006 l\u00e4htien.Kasvattaja-plaketit &nbsp; Norfolkinterrieri &nbsp; 2006 of Woodhill, Kirsti BremerGainsay, P\u00e4ivi Avotie 2010 Catastrofe's, Stina SelenHeilurih\u00e4nn\u00e4n, Kirsi ja Asko NieminenMainly, Mari TaipaleNanstop, Nan SalminenPorrigito, Marja ja Kari SalminenRanpiin, Tapio Ranta 2015 Donut's, Piia Saarela 2023 Hooligan, Arja Koskelo &amp; Sari Juuti [&hellip;]","og_url":"https:\/\/www.nnterrierit.fi\/?page_id=151","og_site_name":"Suomen Norwichin- ja Norfolkinterrierit ry","article_modified_time":"2025-04-14T18:17:27+00:00","twitter_card":"summary_large_image","twitter_misc":{"Est. reading time":"5 minutes"},"schema":{"@context":"https:\/\/schema.org","@graph":[{"@type":"WebPage","@id":"https:\/\/www.nnterrierit.fi\/?page_id=151","url":"https:\/\/www.nnterrierit.fi\/?page_id=151","name":"Kunniamerkit - Suomen Norwichin- ja Norfolkinterrierit ry","isPartOf":{"@id":"https:\/\/www.nnterrierit.fi\/#website"},"datePublished":"2020-11-29T20:01:20+00:00","dateModified":"2025-04-14T18:17:27+00:00","breadcrumb":{"@id":"https:\/\/www.nnterrierit.fi\/?page_id=151#breadcrumb"},"inLanguage":"en","potentialAction":[{"@type":"ReadAction","target":["https:\/\/www.nnterrierit.fi\/?page_id=151"]}]},{"@type":"BreadcrumbList","@id":"https:\/\/www.nnterrierit.fi\/?page_id=151#breadcrumb","itemListElement":[{"@type":"ListItem","position":1,"name":"Home","item":"https:\/\/www.nnterrierit.fi\/"},{"@type":"ListItem","position":2,"name":"Kunniamerkit"}]},{"@type":"WebSite","@id":"https:\/\/www.nnterrierit.fi\/#website","url":"https:\/\/www.nnterrierit.fi\/","name":"Suomen Norwichin- ja Norfolkinterrierit ry","description":"","potentialAction":[{"@type":"SearchAction","target":{"@type":"EntryPoint","urlTemplate":"https:\/\/www.nnterrierit.fi\/?s={search_term_string}"},"query-input":{"@type":"PropertyValueSpecification","valueRequired":true,"valueName":"search_term_string"}}],"inLanguage":"en"}]}},"_links":{"self":[{"href":"https:\/\/www.nnterrierit.fi\/index.php?rest_route=\/wp\/v2\/pages\/151","targetHints":{"allow":["GET"]}}],"collection":[{"href":"https:\/\/www.nnterrierit.fi\/index.php?rest_route=\/wp\/v2\/pages"}],"about":[{"href":"https:\/\/www.nnterrierit.fi\/index.php?rest_route=\/wp\/v2\/types\/page"}],"author":[{"embeddable":true,"href":"https:\/\/www.nnterrierit.fi\/index.php?rest_route=\/wp\/v2\/users\/1"}],"replies":[{"embeddable":true,"href":"https:\/\/www.nnterrierit.fi\/index.php?rest_route=%2Fwp%2Fv2%2Fcomments&post=151"}],"version-history":[{"count":22,"href":"https:\/\/www.nnterrierit.fi\/index.php?rest_route=\/wp\/v2\/pages\/151\/revisions"}],"predecessor-version":[{"id":1826,"href":"https:\/\/www.nnterrierit.fi\/index.php?rest_route=\/wp\/v2\/pages\/151\/revisions\/1826"}],"wp:attachment":[{"href":"https:\/\/www.nnterrierit.fi\/index.php?rest_route=%2Fwp%2Fv2%2Fmedia&parent=151"}],"curies":[{"name":"wp","href":"https:\/\/api.w.org\/{rel}","templated":true}]}}